{"id":2925,"date":"2023-10-31T15:38:16","date_gmt":"2023-10-31T14:38:16","guid":{"rendered":"https:\/\/www.majt-lille.org\/V2\/?post_type=tribe_events&#038;p=2925"},"modified":"2023-11-13T10:58:56","modified_gmt":"2023-11-13T09:58:56","slug":"sortie-au-repair-cafe-de-la-mres","status":"publish","type":"tribe_events","link":"https:\/\/www.majt-lille.org\/V2\/event\/sortie-au-repair-cafe-de-la-mres\/","title":{"rendered":"Sortie au Repair Caf\u00e9 de la MRES"},"content":{"rendered":"<p>Un de tes appareils \u00e9lectroniques est cass\u00e9 ? Ne le jette pas, \u00e7a se r\u00e9pare !<\/p>\n<p>D\u00e9part de la MAJT<\/p>\n<p><strong>Cette programmation est exclusivement r\u00e9serv\u00e9e aux r\u00e9sidents des r\u00e9sidences Atrihome et Thumesnil et aux b\u00e9n\u00e9ficiaires du dispositif Kiala.<\/strong><\/p>\n","protected":false},"excerpt":{"rendered":"<p>Un de tes appareils \u00e9lectroniques est cass\u00e9 ? Ne le jette pas, \u00e7a se r\u00e9pare ! D\u00e9part de la MAJT Cette programmation est exclusivement r\u00e9serv\u00e9e aux r\u00e9sidents des r\u00e9sidences Atrihome [&hellip;]<\/p>\n","protected":false},"author":7,"featured_media":0,"template":"","meta":{"_price":"","_stock":"","_tribe_ticket_header":"","_tribe_default_ticket_provider":"","_tribe_ticket_capacity":"0","_ticket_start_date":"","_ticket_end_date":"","_tribe_ticket_show_description":"","_tribe_ticket_show_not_going":false,"_tribe_ticket_use_global_stock":"","_tribe_ticket_global_stock_level":"","_global_stock_mode":"","_global_stock_cap":"","_tribe_rsvp_for_event":"","_tribe_ticket_going_count":"","_tribe_ticket_not_going_count":"","_tribe_tickets_list":"[]","_tribe_ticket_has_attendee_info_fields":false,"_tribe_events_status":"","_tribe_events_status_reason":"","footnotes":"","_tec_slr_enabled":"","_tec_slr_layout":""},"tags":[],"tribe_events_cat":[],"class_list":["post-2925","tribe_events","type-tribe_events","status-publish","hentry"],"jetpack_sharing_enabled":true,"ticketed":false,"_links":{"self":[{"href":"https:\/\/www.majt-lille.org\/V2\/wp-json\/wp\/v2\/tribe_events\/2925","targetHints":{"allow":["GET"]}}],"collection":[{"href":"https:\/\/www.majt-lille.org\/V2\/wp-json\/wp\/v2\/tribe_events"}],"about":[{"href":"https:\/\/www.majt-lille.org\/V2\/wp-json\/wp\/v2\/types\/tribe_events"}],"author":[{"embeddable":true,"href":"https:\/\/www.majt-lille.org\/V2\/wp-json\/wp\/v2\/users\/7"}],"version-history":[{"count":2,"href":"https:\/\/www.majt-lille.org\/V2\/wp-json\/wp\/v2\/tribe_events\/2925\/revisions"}],"predecessor-version":[{"id":3031,"href":"https:\/\/www.majt-lille.org\/V2\/wp-json\/wp\/v2\/tribe_events\/2925\/revisions\/3031"}],"wp:attachment":[{"href":"https:\/\/www.majt-lille.org\/V2\/wp-json\/wp\/v2\/media?parent=2925"}],"wp:term":[{"taxonomy":"post_tag","embeddable":true,"href":"https:\/\/www.majt-lille.org\/V2\/wp-json\/wp\/v2\/tags?post=2925"},{"taxonomy":"tribe_events_cat","embeddable":true,"href":"https:\/\/www.majt-lille.org\/V2\/wp-json\/wp\/v2\/tribe_events_cat?post=2925"}],"curies":[{"name":"wp","href":"https:\/\/api.w.org\/{rel}","templated":true}]}}

Sortie au Repair Café de la MRES

<p>Un de tes appareils électroniques est cassé ? Ne le jette pas, ça se répare !</p>
<p>Départ de la MAJT</p>
<p><strong>Cette programmation est exclusivement réservée aux résidents des résidences Atrihome et Thumesnil et aux bénéficiaires du dispositif Kiala.</strong></p>

<p>Un de tes appareils électroniques est cassé ? Ne le jette pas, ça se répare ! Départ de la MAJT Cette programmation est exclusivement réservée aux résidents des résidences Atrihome [&hellip;]</p>
