{"id":2929,"date":"2023-10-31T15:46:38","date_gmt":"2023-10-31T14:46:38","guid":{"rendered":"https:\/\/www.majt-lille.org\/V2\/?post_type=tribe_events&#038;p=2929"},"modified":"2023-11-13T10:51:56","modified_gmt":"2023-11-13T09:51:56","slug":"festival-des-solidarites","status":"publish","type":"tribe_events","link":"https:\/\/www.majt-lille.org\/V2\/event\/festival-des-solidarites\/","title":{"rendered":"Festival des Solidarit\u00e9s"},"content":{"rendered":"<p>Projection de films &amp; performance de danse<\/p>\n<p><strong>Cette programmation est exclusivement r\u00e9serv\u00e9e aux r\u00e9sidents des r\u00e9sidences Atrihome et Thumesnil et aux b\u00e9n\u00e9ficiaires du dispositif Kiala.<\/strong><\/p>\n<p><strong>Sur inscription<br \/>\n<\/strong><\/p>\n","protected":false},"excerpt":{"rendered":"<p>Projection de films &amp; performance de danse Cette programmation est exclusivement r\u00e9serv\u00e9e aux r\u00e9sidents des r\u00e9sidences Atrihome et Thumesnil et aux b\u00e9n\u00e9ficiaires du dispositif Kiala. Sur inscription<\/p>\n","protected":false},"author":7,"featured_media":2892,"template":"","meta":{"_price":"","_stock":"","_tribe_ticket_header":"","_tribe_default_ticket_provider":"","_tribe_ticket_capacity":"0","_ticket_start_date":"","_ticket_end_date":"","_tribe_ticket_show_description":"","_tribe_ticket_show_not_going":false,"_tribe_ticket_use_global_stock":"","_tribe_ticket_global_stock_level":"","_global_stock_mode":"","_global_stock_cap":"","_tribe_rsvp_for_event":"","_tribe_ticket_going_count":"","_tribe_ticket_not_going_count":"","_tribe_tickets_list":"[]","_tribe_ticket_has_attendee_info_fields":false,"_tribe_events_status":"","_tribe_events_status_reason":"","footnotes":"","_tec_slr_enabled":"","_tec_slr_layout":""},"tags":[],"tribe_events_cat":[17],"class_list":["post-2929","tribe_events","type-tribe_events","status-publish","has-post-thumbnail","hentry","tribe_events_cat-loisirs-et-culture","cat_loisirs-et-culture"],"jetpack_sharing_enabled":true,"ticketed":["rsvp"],"_links":{"self":[{"href":"https:\/\/www.majt-lille.org\/V2\/wp-json\/wp\/v2\/tribe_events\/2929","targetHints":{"allow":["GET"]}}],"collection":[{"href":"https:\/\/www.majt-lille.org\/V2\/wp-json\/wp\/v2\/tribe_events"}],"about":[{"href":"https:\/\/www.majt-lille.org\/V2\/wp-json\/wp\/v2\/types\/tribe_events"}],"author":[{"embeddable":true,"href":"https:\/\/www.majt-lille.org\/V2\/wp-json\/wp\/v2\/users\/7"}],"version-history":[{"count":5,"href":"https:\/\/www.majt-lille.org\/V2\/wp-json\/wp\/v2\/tribe_events\/2929\/revisions"}],"predecessor-version":[{"id":3019,"href":"https:\/\/www.majt-lille.org\/V2\/wp-json\/wp\/v2\/tribe_events\/2929\/revisions\/3019"}],"wp:featuredmedia":[{"embeddable":true,"href":"https:\/\/www.majt-lille.org\/V2\/wp-json\/wp\/v2\/media\/2892"}],"wp:attachment":[{"href":"https:\/\/www.majt-lille.org\/V2\/wp-json\/wp\/v2\/media?parent=2929"}],"wp:term":[{"taxonomy":"post_tag","embeddable":true,"href":"https:\/\/www.majt-lille.org\/V2\/wp-json\/wp\/v2\/tags?post=2929"},{"taxonomy":"tribe_events_cat","embeddable":true,"href":"https:\/\/www.majt-lille.org\/V2\/wp-json\/wp\/v2\/tribe_events_cat?post=2929"}],"curies":[{"name":"wp","href":"https:\/\/api.w.org\/{rel}","templated":true}]}}

Festival des Solidarités

<p>Projection de films &amp; performance de danse</p>
<p><strong>Cette programmation est exclusivement réservée aux résidents des résidences Atrihome et Thumesnil et aux bénéficiaires du dispositif Kiala.</strong></p>
<p><strong>Sur inscription<br />
</strong></p>

<p>Projection de films &amp; performance de danse Cette programmation est exclusivement réservée aux résidents des résidences Atrihome et Thumesnil et aux bénéficiaires du dispositif Kiala. Sur inscription</p>
