{"id":3278,"date":"2023-12-01T15:21:46","date_gmt":"2023-12-01T14:21:46","guid":{"rendered":"https:\/\/www.majt-lille.org\/V2\/?post_type=tribe_events&#038;p=3278"},"modified":"2023-12-01T15:27:08","modified_gmt":"2023-12-01T14:27:08","slug":"soiree-de-rencontre-aux-compagnons-du-devoir","status":"publish","type":"tribe_events","link":"https:\/\/www.majt-lille.org\/V2\/event\/soiree-de-rencontre-aux-compagnons-du-devoir\/","title":{"rendered":"Ateliers de comp\u00e9tences psychosociales avec PRISME"},"content":{"rendered":"<p><span class=\"NormalTextRun SCXW245319389 BCX0\">Ateliers de comp\u00e9tences <\/span><span class=\"NormalTextRun SCXW245319389 BCX0\">psy<\/span><span class=\"NormalTextRun SCXW245319389 BCX0\">cho<\/span><span class=\"NormalTextRun SCXW245319389 BCX0\">so<\/span><span class=\"NormalTextRun SCXW245319389 BCX0\">ciales<\/span><span class=\"NormalTextRun SCXW245319389 BCX0\"> avec PRISME \u2013 Groupe <strong>Ferm\u00e9<\/strong><\/span><\/p>\n<p>&nbsp;<\/p>\n<p><strong>Cette programmation est exclusivement r\u00e9serv\u00e9e aux r\u00e9sidents des r\u00e9sidences Atrihome et Thumesnil et aux b\u00e9n\u00e9ficiaires du dispositif Kiala.<\/strong><\/p>\n","protected":false},"excerpt":{"rendered":"<p>Ateliers de comp\u00e9tences psychosociales avec PRISME \u2013 Groupe Ferm\u00e9 &nbsp; Cette programmation est exclusivement r\u00e9serv\u00e9e aux r\u00e9sidents des r\u00e9sidences Atrihome et Thumesnil et aux b\u00e9n\u00e9ficiaires du dispositif Kiala.<\/p>\n","protected":false},"author":13,"featured_media":0,"template":"","meta":{"_price":"","_stock":"","_tribe_ticket_header":"","_tribe_default_ticket_provider":"","_tribe_ticket_capacity":"0","_ticket_start_date":"","_ticket_end_date":"","_tribe_ticket_show_description":"","_tribe_ticket_show_not_going":false,"_tribe_ticket_use_global_stock":"","_tribe_ticket_global_stock_level":"","_global_stock_mode":"","_global_stock_cap":"","_tribe_rsvp_for_event":"","_tribe_ticket_going_count":"","_tribe_ticket_not_going_count":"","_tribe_tickets_list":"[]","_tribe_ticket_has_attendee_info_fields":false,"_tribe_events_status":"","_tribe_events_status_reason":"","footnotes":"","_tec_slr_enabled":"","_tec_slr_layout":""},"tags":[],"tribe_events_cat":[21],"class_list":["post-3278","tribe_events","type-tribe_events","status-publish","hentry","tribe_events_cat-echange","cat_echange"],"jetpack_sharing_enabled":true,"ticketed":false,"_links":{"self":[{"href":"https:\/\/www.majt-lille.org\/V2\/wp-json\/wp\/v2\/tribe_events\/3278","targetHints":{"allow":["GET"]}}],"collection":[{"href":"https:\/\/www.majt-lille.org\/V2\/wp-json\/wp\/v2\/tribe_events"}],"about":[{"href":"https:\/\/www.majt-lille.org\/V2\/wp-json\/wp\/v2\/types\/tribe_events"}],"author":[{"embeddable":true,"href":"https:\/\/www.majt-lille.org\/V2\/wp-json\/wp\/v2\/users\/13"}],"version-history":[{"count":2,"href":"https:\/\/www.majt-lille.org\/V2\/wp-json\/wp\/v2\/tribe_events\/3278\/revisions"}],"predecessor-version":[{"id":3282,"href":"https:\/\/www.majt-lille.org\/V2\/wp-json\/wp\/v2\/tribe_events\/3278\/revisions\/3282"}],"wp:attachment":[{"href":"https:\/\/www.majt-lille.org\/V2\/wp-json\/wp\/v2\/media?parent=3278"}],"wp:term":[{"taxonomy":"post_tag","embeddable":true,"href":"https:\/\/www.majt-lille.org\/V2\/wp-json\/wp\/v2\/tags?post=3278"},{"taxonomy":"tribe_events_cat","embeddable":true,"href":"https:\/\/www.majt-lille.org\/V2\/wp-json\/wp\/v2\/tribe_events_cat?post=3278"}],"curies":[{"name":"wp","href":"https:\/\/api.w.org\/{rel}","templated":true}]}}

Ateliers de compétences psychosociales avec PRISME

<p><span class="NormalTextRun SCXW245319389 BCX0">Ateliers de compétences </span><span class="NormalTextRun SCXW245319389 BCX0">psy</span><span class="NormalTextRun SCXW245319389 BCX0">cho</span><span class="NormalTextRun SCXW245319389 BCX0">so</span><span class="NormalTextRun SCXW245319389 BCX0">ciales</span><span class="NormalTextRun SCXW245319389 BCX0"> avec PRISME – Groupe <strong>Fermé</strong></span></p>
<p>&nbsp;</p>
<p><strong>Cette programmation est exclusivement réservée aux résidents des résidences Atrihome et Thumesnil et aux bénéficiaires du dispositif Kiala.</strong></p>

<p>Ateliers de compétences psychosociales avec PRISME – Groupe Fermé &nbsp; Cette programmation est exclusivement réservée aux résidents des résidences Atrihome et Thumesnil et aux bénéficiaires du dispositif Kiala.</p>
