{"id":3291,"date":"2023-12-01T15:47:59","date_gmt":"2023-12-01T14:47:59","guid":{"rendered":"https:\/\/www.majt-lille.org\/V2\/?post_type=tribe_events&#038;p=3291"},"modified":"2023-12-01T15:49:32","modified_gmt":"2023-12-01T14:49:32","slug":"decos-de-noel-a-latrihome","status":"publish","type":"tribe_events","link":"https:\/\/www.majt-lille.org\/V2\/event\/decos-de-noel-a-latrihome\/","title":{"rendered":"D\u00e9cos de No\u00ebl \u00e0 l&rsquo;Atrihome"},"content":{"rendered":"<p><span class=\"NormalTextRun SCXW40543106 BCX0\">Installation des <\/span><span class=\"NormalTextRun SCXW40543106 BCX0\">d\u00e9<\/span><span class=\"NormalTextRun SCXW40543106 BCX0\">c<\/span><span class=\"NormalTextRun SCXW40543106 BCX0\">o<\/span><span class=\"NormalTextRun SCXW40543106 BCX0\">s<\/span><span class=\"NormalTextRun SCXW40543106 BCX0\"> de No<\/span><span class=\"NormalTextRun SCXW40543106 BCX0\">\u00ebl <\/span><span class=\"NormalTextRun SCXW40543106 BCX0\">\u00e0 l\u2019<\/span><span class=\"NormalTextRun SCXW40543106 BCX0\">Atrihome<\/span><span class=\"NormalTextRun SCXW40543106 BCX0\"> !<\/span><\/p>\n<p>&nbsp;<\/p>\n<p><strong>Cette programmation est exclusivement r\u00e9serv\u00e9e aux r\u00e9sidents des r\u00e9sidences Atrihome et Thumesnil et aux b\u00e9n\u00e9ficiaires du dispositif Kiala.<\/strong><\/p>\n","protected":false},"excerpt":{"rendered":"<p>Installation des d\u00e9cos de No\u00ebl \u00e0 l\u2019Atrihome ! &nbsp; Cette programmation est exclusivement r\u00e9serv\u00e9e aux r\u00e9sidents des r\u00e9sidences Atrihome et Thumesnil et aux b\u00e9n\u00e9ficiaires du dispositif Kiala.<\/p>\n","protected":false},"author":13,"featured_media":0,"template":"","meta":{"_price":"","_stock":"","_tribe_ticket_header":"","_tribe_default_ticket_provider":"","_tribe_ticket_capacity":"0","_ticket_start_date":"","_ticket_end_date":"","_tribe_ticket_show_description":"","_tribe_ticket_show_not_going":false,"_tribe_ticket_use_global_stock":"","_tribe_ticket_global_stock_level":"","_global_stock_mode":"","_global_stock_cap":"","_tribe_rsvp_for_event":"","_tribe_ticket_going_count":"","_tribe_ticket_not_going_count":"","_tribe_tickets_list":"[]","_tribe_ticket_has_attendee_info_fields":false,"_tribe_events_status":"","_tribe_events_status_reason":"","footnotes":"","_tec_slr_enabled":"","_tec_slr_layout":""},"tags":[],"tribe_events_cat":[20,21],"class_list":["post-3291","tribe_events","type-tribe_events","status-publish","hentry","tribe_events_cat-convivialite","tribe_events_cat-echange","cat_convivialite","cat_echange"],"jetpack_sharing_enabled":true,"ticketed":false,"_links":{"self":[{"href":"https:\/\/www.majt-lille.org\/V2\/wp-json\/wp\/v2\/tribe_events\/3291","targetHints":{"allow":["GET"]}}],"collection":[{"href":"https:\/\/www.majt-lille.org\/V2\/wp-json\/wp\/v2\/tribe_events"}],"about":[{"href":"https:\/\/www.majt-lille.org\/V2\/wp-json\/wp\/v2\/types\/tribe_events"}],"author":[{"embeddable":true,"href":"https:\/\/www.majt-lille.org\/V2\/wp-json\/wp\/v2\/users\/13"}],"version-history":[{"count":2,"href":"https:\/\/www.majt-lille.org\/V2\/wp-json\/wp\/v2\/tribe_events\/3291\/revisions"}],"predecessor-version":[{"id":3293,"href":"https:\/\/www.majt-lille.org\/V2\/wp-json\/wp\/v2\/tribe_events\/3291\/revisions\/3293"}],"wp:attachment":[{"href":"https:\/\/www.majt-lille.org\/V2\/wp-json\/wp\/v2\/media?parent=3291"}],"wp:term":[{"taxonomy":"post_tag","embeddable":true,"href":"https:\/\/www.majt-lille.org\/V2\/wp-json\/wp\/v2\/tags?post=3291"},{"taxonomy":"tribe_events_cat","embeddable":true,"href":"https:\/\/www.majt-lille.org\/V2\/wp-json\/wp\/v2\/tribe_events_cat?post=3291"}],"curies":[{"name":"wp","href":"https:\/\/api.w.org\/{rel}","templated":true}]}}

Décos de Noël à l&rsquo;Atrihome

<p><span class="NormalTextRun SCXW40543106 BCX0">Installation des </span><span class="NormalTextRun SCXW40543106 BCX0">dé</span><span class="NormalTextRun SCXW40543106 BCX0">c</span><span class="NormalTextRun SCXW40543106 BCX0">o</span><span class="NormalTextRun SCXW40543106 BCX0">s</span><span class="NormalTextRun SCXW40543106 BCX0"> de No</span><span class="NormalTextRun SCXW40543106 BCX0">ël </span><span class="NormalTextRun SCXW40543106 BCX0">à l’</span><span class="NormalTextRun SCXW40543106 BCX0">Atrihome</span><span class="NormalTextRun SCXW40543106 BCX0"> !</span></p>
<p>&nbsp;</p>
<p><strong>Cette programmation est exclusivement réservée aux résidents des résidences Atrihome et Thumesnil et aux bénéficiaires du dispositif Kiala.</strong></p>

<p>Installation des décos de Noël à l’Atrihome ! &nbsp; Cette programmation est exclusivement réservée aux résidents des résidences Atrihome et Thumesnil et aux bénéficiaires du dispositif Kiala.</p>
