{"id":3351,"date":"2023-12-08T14:59:21","date_gmt":"2023-12-08T13:59:21","guid":{"rendered":"https:\/\/www.majt-lille.org\/V2\/?post_type=tribe_events&#038;p=3351"},"modified":"2023-12-08T14:59:21","modified_gmt":"2023-12-08T13:59:21","slug":"le-van-de-nina-simones","status":"publish","type":"tribe_events","link":"https:\/\/www.majt-lille.org\/V2\/event\/le-van-de-nina-simones\/","title":{"rendered":"Le \u00ab\u00a0Van de Nina &#038; Simones\u00a0\u00bb"},"content":{"rendered":"<p>Besoin de te confier sur ta vie priv\u00e9e? le Van sera pr\u00e9sent pour t&rsquo;\u00e9couter et te conseiller.<\/p>\n<p>&nbsp;<\/p>\n<p><strong>Cette programmation est exclusivement r\u00e9serv\u00e9e aux r\u00e9sidents des r\u00e9sidences Atrihome et Thumesnil et aux b\u00e9n\u00e9ficiaires du dispositif Kiala.<\/strong><\/p>\n","protected":false},"excerpt":{"rendered":"<p>Besoin de te confier sur ta vie priv\u00e9e? le Van sera pr\u00e9sent pour t&rsquo;\u00e9couter et te conseiller. &nbsp; Cette programmation est exclusivement r\u00e9serv\u00e9e aux r\u00e9sidents des r\u00e9sidences Atrihome et Thumesnil [&hellip;]<\/p>\n","protected":false},"author":13,"featured_media":0,"template":"","meta":{"_price":"","_stock":"","_tribe_ticket_header":"","_tribe_default_ticket_provider":"","_tribe_ticket_capacity":"0","_ticket_start_date":"","_ticket_end_date":"","_tribe_ticket_show_description":"","_tribe_ticket_show_not_going":false,"_tribe_ticket_use_global_stock":"","_tribe_ticket_global_stock_level":"","_global_stock_mode":"","_global_stock_cap":"","_tribe_rsvp_for_event":"","_tribe_ticket_going_count":"","_tribe_ticket_not_going_count":"","_tribe_tickets_list":"[]","_tribe_ticket_has_attendee_info_fields":false,"_tribe_events_status":"","_tribe_events_status_reason":"","footnotes":"","_tec_slr_enabled":"","_tec_slr_layout":""},"tags":[],"tribe_events_cat":[21],"class_list":["post-3351","tribe_events","type-tribe_events","status-publish","hentry","tribe_events_cat-echange","cat_echange"],"jetpack_sharing_enabled":true,"ticketed":false,"_links":{"self":[{"href":"https:\/\/www.majt-lille.org\/V2\/wp-json\/wp\/v2\/tribe_events\/3351","targetHints":{"allow":["GET"]}}],"collection":[{"href":"https:\/\/www.majt-lille.org\/V2\/wp-json\/wp\/v2\/tribe_events"}],"about":[{"href":"https:\/\/www.majt-lille.org\/V2\/wp-json\/wp\/v2\/types\/tribe_events"}],"author":[{"embeddable":true,"href":"https:\/\/www.majt-lille.org\/V2\/wp-json\/wp\/v2\/users\/13"}],"version-history":[{"count":1,"href":"https:\/\/www.majt-lille.org\/V2\/wp-json\/wp\/v2\/tribe_events\/3351\/revisions"}],"predecessor-version":[{"id":3352,"href":"https:\/\/www.majt-lille.org\/V2\/wp-json\/wp\/v2\/tribe_events\/3351\/revisions\/3352"}],"wp:attachment":[{"href":"https:\/\/www.majt-lille.org\/V2\/wp-json\/wp\/v2\/media?parent=3351"}],"wp:term":[{"taxonomy":"post_tag","embeddable":true,"href":"https:\/\/www.majt-lille.org\/V2\/wp-json\/wp\/v2\/tags?post=3351"},{"taxonomy":"tribe_events_cat","embeddable":true,"href":"https:\/\/www.majt-lille.org\/V2\/wp-json\/wp\/v2\/tribe_events_cat?post=3351"}],"curies":[{"name":"wp","href":"https:\/\/api.w.org\/{rel}","templated":true}]}}

<p>Besoin de te confier sur ta vie privée? le Van sera présent pour t&rsquo;écouter et te conseiller.</p>
<p>&nbsp;</p>
<p><strong>Cette programmation est exclusivement réservée aux résidents des résidences Atrihome et Thumesnil et aux bénéficiaires du dispositif Kiala.</strong></p>

<p>Besoin de te confier sur ta vie privée? le Van sera présent pour t&rsquo;écouter et te conseiller. &nbsp; Cette programmation est exclusivement réservée aux résidents des résidences Atrihome et Thumesnil [&hellip;]</p>
