{"id":3461,"date":"2023-12-30T18:11:48","date_gmt":"2023-12-30T17:11:48","guid":{"rendered":"https:\/\/www.majt-lille.org\/V2\/?post_type=tribe_events&#038;p=3461"},"modified":"2023-12-30T18:11:48","modified_gmt":"2023-12-30T17:11:48","slug":"conseil-de-residents-thumesnil","status":"publish","type":"tribe_events","link":"https:\/\/www.majt-lille.org\/V2\/event\/conseil-de-residents-thumesnil\/","title":{"rendered":"Conseil de R\u00e9sidents (THUMESNIL)"},"content":{"rendered":"<p>La r\u00e9union libre mensuelle o\u00f9 l&rsquo;on parle de la vie de la r\u00e9sidence &#8230;<\/p>\n<p>Sujets de janvier :<\/p>\n<ul>\n<li>Animations 2024 : vos envies !<\/li>\n<li>Choix de la d\u00e9coration de la r\u00e9sidence.<\/li>\n<li>retour sur la r\u00e9union du Conseil de Vie Sociale<\/li>\n<\/ul>\n<p>&nbsp;<\/p>\n<p><strong>Cette programmation est exclusivement r\u00e9serv\u00e9e aux r\u00e9sidents de la r\u00e9sidence THUMESNIL.<\/strong><\/p>\n","protected":false},"excerpt":{"rendered":"<p>La r\u00e9union libre mensuelle o\u00f9 l&rsquo;on parle de la vie de la r\u00e9sidence &#8230; Sujets de janvier : Animations 2024 : vos envies ! Choix de la d\u00e9coration de la [&hellip;]<\/p>\n","protected":false},"author":12,"featured_media":0,"template":"","meta":{"_price":"","_stock":"","_tribe_ticket_header":"","_tribe_default_ticket_provider":"","_tribe_ticket_capacity":"0","_ticket_start_date":"","_ticket_end_date":"","_tribe_ticket_show_description":"","_tribe_ticket_show_not_going":false,"_tribe_ticket_use_global_stock":"","_tribe_ticket_global_stock_level":"","_global_stock_mode":"","_global_stock_cap":"","_tribe_rsvp_for_event":"","_tribe_ticket_going_count":"","_tribe_ticket_not_going_count":"","_tribe_tickets_list":"[]","_tribe_ticket_has_attendee_info_fields":false,"_tribe_events_status":"","_tribe_events_status_reason":"","footnotes":"","_tec_slr_enabled":"","_tec_slr_layout":""},"tags":[],"tribe_events_cat":[31],"class_list":["post-3461","tribe_events","type-tribe_events","status-publish","hentry","tribe_events_cat-participation","cat_participation"],"jetpack_sharing_enabled":true,"ticketed":false,"_links":{"self":[{"href":"https:\/\/www.majt-lille.org\/V2\/wp-json\/wp\/v2\/tribe_events\/3461","targetHints":{"allow":["GET"]}}],"collection":[{"href":"https:\/\/www.majt-lille.org\/V2\/wp-json\/wp\/v2\/tribe_events"}],"about":[{"href":"https:\/\/www.majt-lille.org\/V2\/wp-json\/wp\/v2\/types\/tribe_events"}],"author":[{"embeddable":true,"href":"https:\/\/www.majt-lille.org\/V2\/wp-json\/wp\/v2\/users\/12"}],"version-history":[{"count":1,"href":"https:\/\/www.majt-lille.org\/V2\/wp-json\/wp\/v2\/tribe_events\/3461\/revisions"}],"predecessor-version":[{"id":3462,"href":"https:\/\/www.majt-lille.org\/V2\/wp-json\/wp\/v2\/tribe_events\/3461\/revisions\/3462"}],"wp:attachment":[{"href":"https:\/\/www.majt-lille.org\/V2\/wp-json\/wp\/v2\/media?parent=3461"}],"wp:term":[{"taxonomy":"post_tag","embeddable":true,"href":"https:\/\/www.majt-lille.org\/V2\/wp-json\/wp\/v2\/tags?post=3461"},{"taxonomy":"tribe_events_cat","embeddable":true,"href":"https:\/\/www.majt-lille.org\/V2\/wp-json\/wp\/v2\/tribe_events_cat?post=3461"}],"curies":[{"name":"wp","href":"https:\/\/api.w.org\/{rel}","templated":true}]}}

Conseil de Résidents (THUMESNIL)

<p>La réunion libre mensuelle où l&rsquo;on parle de la vie de la résidence &#8230;</p>
<p>Sujets de janvier :</p>
<ul>
<li>Animations 2024 : vos envies !</li>
<li>Choix de la décoration de la résidence.</li>
<li>retour sur la réunion du Conseil de Vie Sociale</li>
</ul>
<p>&nbsp;</p>
<p><strong>Cette programmation est exclusivement réservée aux résidents de la résidence THUMESNIL.</strong></p>

<p>La réunion libre mensuelle où l&rsquo;on parle de la vie de la résidence &#8230; Sujets de janvier : Animations 2024 : vos envies ! Choix de la décoration de la [&hellip;]</p>
