{"id":3535,"date":"2024-02-06T16:12:40","date_gmt":"2024-02-06T15:12:40","guid":{"rendered":"https:\/\/www.majt-lille.org\/V2\/?post_type=tribe_events&#038;p=3535"},"modified":"2024-02-06T16:12:40","modified_gmt":"2024-02-06T15:12:40","slug":"presentation-sas-formation","status":"publish","type":"tribe_events","link":"https:\/\/www.majt-lille.org\/V2\/event\/presentation-sas-formation\/","title":{"rendered":"Pr\u00e9sentation SAS Formation"},"content":{"rendered":"<p>Pr\u00e9sentation de SAS Formation qui propose des chantiers d\u2019insertion et donc des CDDI dans les domaines suivants\u00a0:<\/p>\n<ul>\n<li><strong>B\u00e2timent second \u0153uvre (r\u00e9novation logement, peinture, pl\u00e2trerie, sols)<\/strong><\/li>\n<li><strong>Espaces verts (nettoyage de gares, entretiens le long des rails, espaces verts des coll\u00e8ges)<\/strong><\/li>\n<li><strong>Nettoyage de cr\u00e8ches<\/strong><\/li>\n<\/ul>\n","protected":false},"excerpt":{"rendered":"<p>Pr\u00e9sentation de SAS Formation qui propose des chantiers d\u2019insertion et donc des CDDI dans les domaines suivants\u00a0: B\u00e2timent second \u0153uvre (r\u00e9novation logement, peinture, pl\u00e2trerie, sols) Espaces verts (nettoyage de gares, [&hellip;]<\/p>\n","protected":false},"author":13,"featured_media":0,"template":"","meta":{"_price":"","_stock":"","_tribe_ticket_header":"","_tribe_default_ticket_provider":"","_tribe_ticket_capacity":"0","_ticket_start_date":"","_ticket_end_date":"","_tribe_ticket_show_description":"","_tribe_ticket_show_not_going":false,"_tribe_ticket_use_global_stock":"","_tribe_ticket_global_stock_level":"","_global_stock_mode":"","_global_stock_cap":"","_tribe_rsvp_for_event":"","_tribe_ticket_going_count":"","_tribe_ticket_not_going_count":"","_tribe_tickets_list":"[]","_tribe_ticket_has_attendee_info_fields":false,"_tribe_events_status":"","_tribe_events_status_reason":"","footnotes":"","_tec_slr_enabled":"","_tec_slr_layout":""},"tags":[],"tribe_events_cat":[21,22],"class_list":["post-3535","tribe_events","type-tribe_events","status-publish","hentry","tribe_events_cat-echange","tribe_events_cat-emploi","cat_echange","cat_emploi"],"jetpack_sharing_enabled":true,"ticketed":false,"_links":{"self":[{"href":"https:\/\/www.majt-lille.org\/V2\/wp-json\/wp\/v2\/tribe_events\/3535","targetHints":{"allow":["GET"]}}],"collection":[{"href":"https:\/\/www.majt-lille.org\/V2\/wp-json\/wp\/v2\/tribe_events"}],"about":[{"href":"https:\/\/www.majt-lille.org\/V2\/wp-json\/wp\/v2\/types\/tribe_events"}],"author":[{"embeddable":true,"href":"https:\/\/www.majt-lille.org\/V2\/wp-json\/wp\/v2\/users\/13"}],"version-history":[{"count":1,"href":"https:\/\/www.majt-lille.org\/V2\/wp-json\/wp\/v2\/tribe_events\/3535\/revisions"}],"predecessor-version":[{"id":3536,"href":"https:\/\/www.majt-lille.org\/V2\/wp-json\/wp\/v2\/tribe_events\/3535\/revisions\/3536"}],"wp:attachment":[{"href":"https:\/\/www.majt-lille.org\/V2\/wp-json\/wp\/v2\/media?parent=3535"}],"wp:term":[{"taxonomy":"post_tag","embeddable":true,"href":"https:\/\/www.majt-lille.org\/V2\/wp-json\/wp\/v2\/tags?post=3535"},{"taxonomy":"tribe_events_cat","embeddable":true,"href":"https:\/\/www.majt-lille.org\/V2\/wp-json\/wp\/v2\/tribe_events_cat?post=3535"}],"curies":[{"name":"wp","href":"https:\/\/api.w.org\/{rel}","templated":true}]}}

Présentation SAS Formation

<p>Présentation de SAS Formation qui propose des chantiers d’insertion et donc des CDDI dans les domaines suivants :</p>
<ul>
<li><strong>Bâtiment second œuvre (rénovation logement, peinture, plâtrerie, sols)</strong></li>
<li><strong>Espaces verts (nettoyage de gares, entretiens le long des rails, espaces verts des collèges)</strong></li>
<li><strong>Nettoyage de crèches</strong></li>
</ul>

<p>Présentation de SAS Formation qui propose des chantiers d’insertion et donc des CDDI dans les domaines suivants : Bâtiment second œuvre (rénovation logement, peinture, plâtrerie, sols) Espaces verts (nettoyage de gares, [&hellip;]</p>
