{"id":4007,"date":"2024-06-10T16:13:34","date_gmt":"2024-06-10T14:13:34","guid":{"rendered":"https:\/\/www.majt-lille.org\/V2\/?post_type=tribe_events&#038;p=4007"},"modified":"2024-06-10T16:13:34","modified_gmt":"2024-06-10T14:13:34","slug":"sortie-danse-hip-hop-le-gout-du-drame","status":"publish","type":"tribe_events","link":"https:\/\/www.majt-lille.org\/V2\/event\/sortie-danse-hip-hop-le-gout-du-drame\/","title":{"rendered":"Sortie Danse Hip-Hop \u00a0\u00bb Le Gout du Drame\u00a0\u00bb"},"content":{"rendered":"<p>D\u00e9part en groupe de la structure ou possibilit\u00e9 de se retrouver sur place.<\/p>\n<p>&nbsp;<\/p>\n<p>Liens de l&rsquo;\u00e9v\u00e8nement :\u00a0<a href=\"https:\/\/www.lille.fr\/Evenements\/Le-gout-du-drame\">https:\/\/www.lille.fr\/Evenements\/Le-gout-du-drame<\/a><\/p>\n<p>&nbsp;<\/p>\n","protected":false},"excerpt":{"rendered":"<p>D\u00e9part en groupe de la structure ou possibilit\u00e9 de se retrouver sur place. &nbsp; Liens de l&rsquo;\u00e9v\u00e8nement :\u00a0https:\/\/www.lille.fr\/Evenements\/Le-gout-du-drame &nbsp;<\/p>\n","protected":false},"author":13,"featured_media":0,"template":"","meta":{"_price":"","_stock":"","_tribe_ticket_header":"","_tribe_default_ticket_provider":"","_tribe_ticket_capacity":"0","_ticket_start_date":"","_ticket_end_date":"","_tribe_ticket_show_description":"","_tribe_ticket_show_not_going":false,"_tribe_ticket_use_global_stock":"","_tribe_ticket_global_stock_level":"","_global_stock_mode":"","_global_stock_cap":"","_tribe_rsvp_for_event":"","_tribe_ticket_going_count":"","_tribe_ticket_not_going_count":"","_tribe_tickets_list":"[]","_tribe_ticket_has_attendee_info_fields":false,"_tribe_events_status":"","_tribe_events_status_reason":"","footnotes":"","_tec_slr_enabled":"","_tec_slr_layout":""},"tags":[],"tribe_events_cat":[20,17],"class_list":["post-4007","tribe_events","type-tribe_events","status-publish","hentry","tribe_events_cat-convivialite","tribe_events_cat-loisirs-et-culture","cat_convivialite","cat_loisirs-et-culture"],"jetpack_sharing_enabled":true,"ticketed":["rsvp"],"_links":{"self":[{"href":"https:\/\/www.majt-lille.org\/V2\/wp-json\/wp\/v2\/tribe_events\/4007","targetHints":{"allow":["GET"]}}],"collection":[{"href":"https:\/\/www.majt-lille.org\/V2\/wp-json\/wp\/v2\/tribe_events"}],"about":[{"href":"https:\/\/www.majt-lille.org\/V2\/wp-json\/wp\/v2\/types\/tribe_events"}],"author":[{"embeddable":true,"href":"https:\/\/www.majt-lille.org\/V2\/wp-json\/wp\/v2\/users\/13"}],"version-history":[{"count":1,"href":"https:\/\/www.majt-lille.org\/V2\/wp-json\/wp\/v2\/tribe_events\/4007\/revisions"}],"predecessor-version":[{"id":4010,"href":"https:\/\/www.majt-lille.org\/V2\/wp-json\/wp\/v2\/tribe_events\/4007\/revisions\/4010"}],"wp:attachment":[{"href":"https:\/\/www.majt-lille.org\/V2\/wp-json\/wp\/v2\/media?parent=4007"}],"wp:term":[{"taxonomy":"post_tag","embeddable":true,"href":"https:\/\/www.majt-lille.org\/V2\/wp-json\/wp\/v2\/tags?post=4007"},{"taxonomy":"tribe_events_cat","embeddable":true,"href":"https:\/\/www.majt-lille.org\/V2\/wp-json\/wp\/v2\/tribe_events_cat?post=4007"}],"curies":[{"name":"wp","href":"https:\/\/api.w.org\/{rel}","templated":true}]}}

<p>Départ en groupe de la structure ou possibilité de se retrouver sur place.</p>
<p>&nbsp;</p>
<p>Liens de l&rsquo;évènement : <a href="https://www.lille.fr/Evenements/Le-gout-du-drame">https://www.lille.fr/Evenements/Le-gout-du-drame</a></p>
<p>&nbsp;</p>

<p>Départ en groupe de la structure ou possibilité de se retrouver sur place. &nbsp; Liens de l&rsquo;évènement : https://www.lille.fr/Evenements/Le-gout-du-drame &nbsp;</p>
