{"id":4590,"date":"2024-12-30T15:43:02","date_gmt":"2024-12-30T14:43:02","guid":{"rendered":"https:\/\/www.majt-lille.org\/V2\/?post_type=tribe_events&#038;p=4590"},"modified":"2024-12-30T16:19:09","modified_gmt":"2024-12-30T15:19:09","slug":"apero-peinture","status":"publish","type":"tribe_events","link":"https:\/\/www.majt-lille.org\/V2\/event\/apero-peinture\/","title":{"rendered":"Ap\u00e9ro-peinture"},"content":{"rendered":"<p>Ce premier atelier a pour objectif de vous donner la possibilit\u00e9 d&rsquo;exprimer vos envies, vos \u00e9motions, votre cr\u00e9ativit\u00e9 librement.<\/p>\n<p>Florine, l&rsquo;animatrice, vous accompagnera pour vous guider.<\/p>\n<p>Lors de cet atelier, vous pourrez exprimer les th\u00e9matiques sur lesquelles vous souhaiteriez vous exprimer ou les techniques que vous souhaiteriez apprendre pour d\u00e9finir le cadre d&rsquo;organisation de la prochaine session.<\/p>\n","protected":false},"excerpt":{"rendered":"<p>Ce premier atelier a pour objectif de vous donner la possibilit\u00e9 d&rsquo;exprimer vos envies, vos \u00e9motions, votre cr\u00e9ativit\u00e9 librement. Florine, l&rsquo;animatrice, vous accompagnera pour vous guider. Lors de cet atelier, [&hellip;]<\/p>\n","protected":false},"author":11,"featured_media":2892,"template":"","meta":{"_price":"","_stock":"","_tribe_ticket_header":"","_tribe_default_ticket_provider":"","_tribe_ticket_capacity":"0","_ticket_start_date":"","_ticket_end_date":"","_tribe_ticket_show_description":"","_tribe_ticket_show_not_going":false,"_tribe_ticket_use_global_stock":"","_tribe_ticket_global_stock_level":"","_global_stock_mode":"","_global_stock_cap":"","_tribe_rsvp_for_event":"","_tribe_ticket_going_count":"","_tribe_ticket_not_going_count":"","_tribe_tickets_list":"[]","_tribe_ticket_has_attendee_info_fields":false,"_tribe_events_status":"","_tribe_events_status_reason":"","footnotes":"","_tec_slr_enabled":"","_tec_slr_layout":""},"tags":[],"tribe_events_cat":[38],"class_list":["post-4590","tribe_events","type-tribe_events","status-publish","has-post-thumbnail","hentry","tribe_events_cat-expression","cat_expression"],"jetpack_sharing_enabled":true,"ticketed":["rsvp"],"_links":{"self":[{"href":"https:\/\/www.majt-lille.org\/V2\/wp-json\/wp\/v2\/tribe_events\/4590","targetHints":{"allow":["GET"]}}],"collection":[{"href":"https:\/\/www.majt-lille.org\/V2\/wp-json\/wp\/v2\/tribe_events"}],"about":[{"href":"https:\/\/www.majt-lille.org\/V2\/wp-json\/wp\/v2\/types\/tribe_events"}],"author":[{"embeddable":true,"href":"https:\/\/www.majt-lille.org\/V2\/wp-json\/wp\/v2\/users\/11"}],"version-history":[{"count":1,"href":"https:\/\/www.majt-lille.org\/V2\/wp-json\/wp\/v2\/tribe_events\/4590\/revisions"}],"predecessor-version":[{"id":4591,"href":"https:\/\/www.majt-lille.org\/V2\/wp-json\/wp\/v2\/tribe_events\/4590\/revisions\/4591"}],"wp:featuredmedia":[{"embeddable":true,"href":"https:\/\/www.majt-lille.org\/V2\/wp-json\/wp\/v2\/media\/2892"}],"wp:attachment":[{"href":"https:\/\/www.majt-lille.org\/V2\/wp-json\/wp\/v2\/media?parent=4590"}],"wp:term":[{"taxonomy":"post_tag","embeddable":true,"href":"https:\/\/www.majt-lille.org\/V2\/wp-json\/wp\/v2\/tags?post=4590"},{"taxonomy":"tribe_events_cat","embeddable":true,"href":"https:\/\/www.majt-lille.org\/V2\/wp-json\/wp\/v2\/tribe_events_cat?post=4590"}],"curies":[{"name":"wp","href":"https:\/\/api.w.org\/{rel}","templated":true}]}}

Apéro-peinture

<p>Ce premier atelier a pour objectif de vous donner la possibilité d&rsquo;exprimer vos envies, vos émotions, votre créativité librement.</p>
<p>Florine, l&rsquo;animatrice, vous accompagnera pour vous guider.</p>
<p>Lors de cet atelier, vous pourrez exprimer les thématiques sur lesquelles vous souhaiteriez vous exprimer ou les techniques que vous souhaiteriez apprendre pour définir le cadre d&rsquo;organisation de la prochaine session.</p>

<p>Ce premier atelier a pour objectif de vous donner la possibilité d&rsquo;exprimer vos envies, vos émotions, votre créativité librement. Florine, l&rsquo;animatrice, vous accompagnera pour vous guider. Lors de cet atelier, [&hellip;]</p>
