{"id":4616,"date":"2024-12-30T17:05:50","date_gmt":"2024-12-30T16:05:50","guid":{"rendered":"https:\/\/www.majt-lille.org\/V2\/?post_type=tribe_events&#038;p=4616"},"modified":"2024-12-30T17:05:50","modified_gmt":"2024-12-30T16:05:50","slug":"exposition-van-gogh-immersion-dans-les-tableaux-dart","status":"publish","type":"tribe_events","link":"https:\/\/www.majt-lille.org\/V2\/event\/exposition-van-gogh-immersion-dans-les-tableaux-dart\/","title":{"rendered":"Exposition Van Gogh \u00ab\u00a0Immersion dans les tableaux d&rsquo;art\u00a0\u00bb"},"content":{"rendered":"<p><img fetchpriority=\"high\" decoding=\"async\" class=\"alignnone size-medium wp-image-4617\" src=\"https:\/\/www.majt-lille.org\/V2\/wp-content\/uploads\/2024\/12\/art_van_gogh_01-300x216.jpg\" alt=\"\" width=\"300\" height=\"216\" srcset=\"https:\/\/www.majt-lille.org\/V2\/wp-content\/uploads\/2024\/12\/art_van_gogh_01-300x216.jpg 300w, https:\/\/www.majt-lille.org\/V2\/wp-content\/uploads\/2024\/12\/art_van_gogh_01-1024x736.jpg 1024w, https:\/\/www.majt-lille.org\/V2\/wp-content\/uploads\/2024\/12\/art_van_gogh_01-768x552.jpg 768w, https:\/\/www.majt-lille.org\/V2\/wp-content\/uploads\/2024\/12\/art_van_gogh_01-370x265.jpg 370w, https:\/\/www.majt-lille.org\/V2\/wp-content\/uploads\/2024\/12\/art_van_gogh_01-600x431.jpg 600w, https:\/\/www.majt-lille.org\/V2\/wp-content\/uploads\/2024\/12\/art_van_gogh_01.jpg 1280w\" sizes=\"(max-width: 300px) 100vw, 300px\" \/><\/p>\n<p>\u26a0\ufe0f Information importante : La MAJT prend en charge financi\u00e8rement les billets pour les r\u00e9sidents de la r\u00e9sidence Thumesnil et les r\u00e9sidents de la r\u00e9sidence Atrihome ayant le statut FJT. Pour tout.e autre r\u00e9sident.e souhaitant participer \u00e0 cette sortie, cette personne devra assurer le paiement de sa place.<\/p>\n<p>D\u00e9part en groupe ou possibilit\u00e9 de regroupement \u00e0 l&rsquo;adresse de l&rsquo;\u00e9v\u00e8nement.<\/p>\n","protected":false},"excerpt":{"rendered":"<p>\u26a0\ufe0f Information importante : La MAJT prend en charge financi\u00e8rement les billets pour les r\u00e9sidents de la r\u00e9sidence Thumesnil et les r\u00e9sidents de la r\u00e9sidence Atrihome ayant le statut FJT. [&hellip;]<\/p>\n","protected":false},"author":11,"featured_media":4617,"template":"","meta":{"_price":"","_stock":"","_tribe_ticket_header":"","_tribe_default_ticket_provider":"","_tribe_ticket_capacity":"0","_ticket_start_date":"","_ticket_end_date":"","_tribe_ticket_show_description":"","_tribe_ticket_show_not_going":false,"_tribe_ticket_use_global_stock":"","_tribe_ticket_global_stock_level":"","_global_stock_mode":"","_global_stock_cap":"","_tribe_rsvp_for_event":"","_tribe_ticket_going_count":"","_tribe_ticket_not_going_count":"","_tribe_tickets_list":"[]","_tribe_ticket_has_attendee_info_fields":false,"_tribe_events_status":"","_tribe_events_status_reason":"","footnotes":"","_tec_slr_enabled":"","_tec_slr_layout":""},"tags":[],"tribe_events_cat":[17],"class_list":["post-4616","tribe_events","type-tribe_events","status-publish","has-post-thumbnail","hentry","tribe_events_cat-loisirs-et-culture","cat_loisirs-et-culture"],"jetpack_sharing_enabled":true,"ticketed":["rsvp"],"_links":{"self":[{"href":"https:\/\/www.majt-lille.org\/V2\/wp-json\/wp\/v2\/tribe_events\/4616","targetHints":{"allow":["GET"]}}],"collection":[{"href":"https:\/\/www.majt-lille.org\/V2\/wp-json\/wp\/v2\/tribe_events"}],"about":[{"href":"https:\/\/www.majt-lille.org\/V2\/wp-json\/wp\/v2\/types\/tribe_events"}],"author":[{"embeddable":true,"href":"https:\/\/www.majt-lille.org\/V2\/wp-json\/wp\/v2\/users\/11"}],"version-history":[{"count":1,"href":"https:\/\/www.majt-lille.org\/V2\/wp-json\/wp\/v2\/tribe_events\/4616\/revisions"}],"predecessor-version":[{"id":4620,"href":"https:\/\/www.majt-lille.org\/V2\/wp-json\/wp\/v2\/tribe_events\/4616\/revisions\/4620"}],"wp:featuredmedia":[{"embeddable":true,"href":"https:\/\/www.majt-lille.org\/V2\/wp-json\/wp\/v2\/media\/4617"}],"wp:attachment":[{"href":"https:\/\/www.majt-lille.org\/V2\/wp-json\/wp\/v2\/media?parent=4616"}],"wp:term":[{"taxonomy":"post_tag","embeddable":true,"href":"https:\/\/www.majt-lille.org\/V2\/wp-json\/wp\/v2\/tags?post=4616"},{"taxonomy":"tribe_events_cat","embeddable":true,"href":"https:\/\/www.majt-lille.org\/V2\/wp-json\/wp\/v2\/tribe_events_cat?post=4616"}],"curies":[{"name":"wp","href":"https:\/\/api.w.org\/{rel}","templated":true}]}}

<p><img fetchpriority="high" decoding="async" class="alignnone size-medium wp-image-4617" src="https://www.majt-lille.org/V2/wp-content/uploads/2024/12/art_van_gogh_01-300x216.jpg" alt="" width="300" height="216" srcset="https://www.majt-lille.org/V2/wp-content/uploads/2024/12/art_van_gogh_01-300x216.jpg 300w, https://www.majt-lille.org/V2/wp-content/uploads/2024/12/art_van_gogh_01-1024x736.jpg 1024w, https://www.majt-lille.org/V2/wp-content/uploads/2024/12/art_van_gogh_01-768x552.jpg 768w, https://www.majt-lille.org/V2/wp-content/uploads/2024/12/art_van_gogh_01-370x265.jpg 370w, https://www.majt-lille.org/V2/wp-content/uploads/2024/12/art_van_gogh_01-600x431.jpg 600w, https://www.majt-lille.org/V2/wp-content/uploads/2024/12/art_van_gogh_01.jpg 1280w" sizes="(max-width: 300px) 100vw, 300px" /></p>
<p>⚠️ Information importante : La MAJT prend en charge financièrement les billets pour les résidents de la résidence Thumesnil et les résidents de la résidence Atrihome ayant le statut FJT. Pour tout.e autre résident.e souhaitant participer à cette sortie, cette personne devra assurer le paiement de sa place.</p>
<p>Départ en groupe ou possibilité de regroupement à l&rsquo;adresse de l&rsquo;évènement.</p>

<p>⚠️ Information importante : La MAJT prend en charge financièrement les billets pour les résidents de la résidence Thumesnil et les résidents de la résidence Atrihome ayant le statut FJT. [&hellip;]</p>
