{"id":5167,"date":"2025-05-13T18:53:27","date_gmt":"2025-05-13T16:53:27","guid":{"rendered":"https:\/\/www.majt-lille.org\/V2\/?post_type=tribe_events&#038;p=5167"},"modified":"2025-05-13T18:53:27","modified_gmt":"2025-05-13T16:53:27","slug":"apero-papote-parlons-sante-mentale-avec-ceux-qui-agissent","status":"publish","type":"tribe_events","link":"https:\/\/www.majt-lille.org\/V2\/event\/apero-papote-parlons-sante-mentale-avec-ceux-qui-agissent\/","title":{"rendered":"Ap\u00e9ro Papote : Parlons sant\u00e9 mentale avec ceux qui agissent"},"content":{"rendered":"<p>avec Prisme, Oxyg\u00e8ne, Int\u00e9riale et les ambassadeurs de la sant\u00e9 mentale<\/p>\n","protected":false},"excerpt":{"rendered":"<p>avec Prisme, Oxyg\u00e8ne, Int\u00e9riale et les ambassadeurs de la sant\u00e9 mentale<\/p>\n","protected":false},"author":13,"featured_media":4151,"template":"","meta":{"_price":"","_stock":"","_tribe_ticket_header":"","_tribe_default_ticket_provider":"","_tribe_ticket_capacity":"0","_ticket_start_date":"","_ticket_end_date":"","_tribe_ticket_show_description":"","_tribe_ticket_show_not_going":false,"_tribe_ticket_use_global_stock":"","_tribe_ticket_global_stock_level":"","_global_stock_mode":"","_global_stock_cap":"","_tribe_rsvp_for_event":"","_tribe_ticket_going_count":"","_tribe_ticket_not_going_count":"","_tribe_tickets_list":"[]","_tribe_ticket_has_attendee_info_fields":false,"_tribe_events_status":"","_tribe_events_status_reason":"","footnotes":"","_tec_slr_enabled":"","_tec_slr_layout":""},"tags":[],"tribe_events_cat":[20,21,38],"class_list":["post-5167","tribe_events","type-tribe_events","status-publish","has-post-thumbnail","hentry","tribe_events_cat-convivialite","tribe_events_cat-echange","tribe_events_cat-expression","cat_convivialite","cat_echange","cat_expression"],"jetpack_sharing_enabled":true,"ticketed":false,"_links":{"self":[{"href":"https:\/\/www.majt-lille.org\/V2\/wp-json\/wp\/v2\/tribe_events\/5167","targetHints":{"allow":["GET"]}}],"collection":[{"href":"https:\/\/www.majt-lille.org\/V2\/wp-json\/wp\/v2\/tribe_events"}],"about":[{"href":"https:\/\/www.majt-lille.org\/V2\/wp-json\/wp\/v2\/types\/tribe_events"}],"author":[{"embeddable":true,"href":"https:\/\/www.majt-lille.org\/V2\/wp-json\/wp\/v2\/users\/13"}],"version-history":[{"count":1,"href":"https:\/\/www.majt-lille.org\/V2\/wp-json\/wp\/v2\/tribe_events\/5167\/revisions"}],"predecessor-version":[{"id":5168,"href":"https:\/\/www.majt-lille.org\/V2\/wp-json\/wp\/v2\/tribe_events\/5167\/revisions\/5168"}],"wp:featuredmedia":[{"embeddable":true,"href":"https:\/\/www.majt-lille.org\/V2\/wp-json\/wp\/v2\/media\/4151"}],"wp:attachment":[{"href":"https:\/\/www.majt-lille.org\/V2\/wp-json\/wp\/v2\/media?parent=5167"}],"wp:term":[{"taxonomy":"post_tag","embeddable":true,"href":"https:\/\/www.majt-lille.org\/V2\/wp-json\/wp\/v2\/tags?post=5167"},{"taxonomy":"tribe_events_cat","embeddable":true,"href":"https:\/\/www.majt-lille.org\/V2\/wp-json\/wp\/v2\/tribe_events_cat?post=5167"}],"curies":[{"name":"wp","href":"https:\/\/api.w.org\/{rel}","templated":true}]}}

Apéro Papote : Parlons santé mentale avec ceux qui agissent

<p>avec Prisme, Oxygène, Intériale et les ambassadeurs de la santé mentale</p>
