{"id":5437,"date":"2025-07-28T17:56:57","date_gmt":"2025-07-28T15:56:57","guid":{"rendered":"https:\/\/www.majt-lille.org\/V2\/?post_type=tribe_events&#038;p=5437"},"modified":"2025-07-28T17:56:57","modified_gmt":"2025-07-28T15:56:57","slug":"petit-dejeuner-14","status":"publish","type":"tribe_events","link":"https:\/\/www.majt-lille.org\/V2\/event\/petit-dejeuner-14\/","title":{"rendered":"Petit D\u00e9jeuner"},"content":{"rendered":"<p>Viens partager un caf\u00e9 et des petits pains avec nous pour cette \u00e9dition ao\u00fbtienne du petit d\u00e9jeuner !<\/p>\n","protected":false},"excerpt":{"rendered":"<p>Viens partager un caf\u00e9 et des petits pains avec nous pour cette \u00e9dition ao\u00fbtienne du petit d\u00e9jeuner !<\/p>\n","protected":false},"author":13,"featured_media":2882,"template":"","meta":{"_price":"","_stock":"","_tribe_ticket_header":"","_tribe_default_ticket_provider":"","_tribe_ticket_capacity":"0","_ticket_start_date":"","_ticket_end_date":"","_tribe_ticket_show_description":"","_tribe_ticket_show_not_going":false,"_tribe_ticket_use_global_stock":"","_tribe_ticket_global_stock_level":"","_global_stock_mode":"","_global_stock_cap":"","_tribe_rsvp_for_event":"","_tribe_ticket_going_count":"","_tribe_ticket_not_going_count":"","_tribe_tickets_list":"[]","_tribe_ticket_has_attendee_info_fields":false,"_tribe_events_status":"","_tribe_events_status_reason":"","footnotes":"","_tec_slr_enabled":"","_tec_slr_layout":""},"tags":[],"tribe_events_cat":[41],"class_list":["post-5437","tribe_events","type-tribe_events","status-publish","has-post-thumbnail","hentry","tribe_events_cat-petit-dejeuner","cat_petit-dejeuner"],"jetpack_sharing_enabled":true,"ticketed":false,"_links":{"self":[{"href":"https:\/\/www.majt-lille.org\/V2\/wp-json\/wp\/v2\/tribe_events\/5437","targetHints":{"allow":["GET"]}}],"collection":[{"href":"https:\/\/www.majt-lille.org\/V2\/wp-json\/wp\/v2\/tribe_events"}],"about":[{"href":"https:\/\/www.majt-lille.org\/V2\/wp-json\/wp\/v2\/types\/tribe_events"}],"author":[{"embeddable":true,"href":"https:\/\/www.majt-lille.org\/V2\/wp-json\/wp\/v2\/users\/13"}],"version-history":[{"count":1,"href":"https:\/\/www.majt-lille.org\/V2\/wp-json\/wp\/v2\/tribe_events\/5437\/revisions"}],"predecessor-version":[{"id":5439,"href":"https:\/\/www.majt-lille.org\/V2\/wp-json\/wp\/v2\/tribe_events\/5437\/revisions\/5439"}],"wp:featuredmedia":[{"embeddable":true,"href":"https:\/\/www.majt-lille.org\/V2\/wp-json\/wp\/v2\/media\/2882"}],"wp:attachment":[{"href":"https:\/\/www.majt-lille.org\/V2\/wp-json\/wp\/v2\/media?parent=5437"}],"wp:term":[{"taxonomy":"post_tag","embeddable":true,"href":"https:\/\/www.majt-lille.org\/V2\/wp-json\/wp\/v2\/tags?post=5437"},{"taxonomy":"tribe_events_cat","embeddable":true,"href":"https:\/\/www.majt-lille.org\/V2\/wp-json\/wp\/v2\/tribe_events_cat?post=5437"}],"curies":[{"name":"wp","href":"https:\/\/api.w.org\/{rel}","templated":true}]}}

Petit Déjeuner

<p>Viens partager un café et des petits pains avec nous pour cette édition aoûtienne du petit déjeuner !</p>
