{"id":5503,"date":"2025-07-29T12:17:29","date_gmt":"2025-07-29T10:17:29","guid":{"rendered":"https:\/\/www.majt-lille.org\/V2\/?post_type=tribe_events&#038;p=5503"},"modified":"2025-07-29T12:17:29","modified_gmt":"2025-07-29T10:17:29","slug":"eva-visite-de-la-mine-de-lewarde-festival-des-charboneurs","status":"publish","type":"tribe_events","link":"https:\/\/www.majt-lille.org\/V2\/event\/eva-visite-de-la-mine-de-lewarde-festival-des-charboneurs\/","title":{"rendered":"[EVA] Visite de la Mine de Lewarde + festival des Charboneurs"},"content":{"rendered":"<p>Sortie propos\u00e9e par les \u00e9ducateurs, ouverte en priorit\u00e9 aux jeunes b\u00e9n\u00e9ficiant du dispositif EVA.<\/p>\n","protected":false},"excerpt":{"rendered":"<p>Sortie propos\u00e9e par les \u00e9ducateurs, ouverte en priorit\u00e9 aux jeunes b\u00e9n\u00e9ficiant du dispositif EVA.<\/p>\n","protected":false},"author":13,"featured_media":0,"template":"","meta":{"_price":"","_stock":"","_tribe_ticket_header":"","_tribe_default_ticket_provider":"","_tribe_ticket_capacity":"0","_ticket_start_date":"","_ticket_end_date":"","_tribe_ticket_show_description":"","_tribe_ticket_show_not_going":false,"_tribe_ticket_use_global_stock":"","_tribe_ticket_global_stock_level":"","_global_stock_mode":"","_global_stock_cap":"","_tribe_rsvp_for_event":"","_tribe_ticket_going_count":"","_tribe_ticket_not_going_count":"","_tribe_tickets_list":"[]","_tribe_ticket_has_attendee_info_fields":false,"_tribe_events_status":"","_tribe_events_status_reason":"","footnotes":"","_tec_slr_enabled":"","_tec_slr_layout":""},"tags":[],"tribe_events_cat":[17,31],"class_list":["post-5503","tribe_events","type-tribe_events","status-publish","hentry","tribe_events_cat-loisirs-et-culture","tribe_events_cat-participation","cat_loisirs-et-culture","cat_participation"],"jetpack_sharing_enabled":true,"ticketed":false,"_links":{"self":[{"href":"https:\/\/www.majt-lille.org\/V2\/wp-json\/wp\/v2\/tribe_events\/5503","targetHints":{"allow":["GET"]}}],"collection":[{"href":"https:\/\/www.majt-lille.org\/V2\/wp-json\/wp\/v2\/tribe_events"}],"about":[{"href":"https:\/\/www.majt-lille.org\/V2\/wp-json\/wp\/v2\/types\/tribe_events"}],"author":[{"embeddable":true,"href":"https:\/\/www.majt-lille.org\/V2\/wp-json\/wp\/v2\/users\/13"}],"version-history":[{"count":1,"href":"https:\/\/www.majt-lille.org\/V2\/wp-json\/wp\/v2\/tribe_events\/5503\/revisions"}],"predecessor-version":[{"id":5504,"href":"https:\/\/www.majt-lille.org\/V2\/wp-json\/wp\/v2\/tribe_events\/5503\/revisions\/5504"}],"wp:attachment":[{"href":"https:\/\/www.majt-lille.org\/V2\/wp-json\/wp\/v2\/media?parent=5503"}],"wp:term":[{"taxonomy":"post_tag","embeddable":true,"href":"https:\/\/www.majt-lille.org\/V2\/wp-json\/wp\/v2\/tags?post=5503"},{"taxonomy":"tribe_events_cat","embeddable":true,"href":"https:\/\/www.majt-lille.org\/V2\/wp-json\/wp\/v2\/tribe_events_cat?post=5503"}],"curies":[{"name":"wp","href":"https:\/\/api.w.org\/{rel}","templated":true}]}}

<p>Sortie proposée par les éducateurs, ouverte en priorité aux jeunes bénéficiant du dispositif EVA.</p>
