{"id":5553,"date":"2025-07-30T12:53:33","date_gmt":"2025-07-30T10:53:33","guid":{"rendered":"https:\/\/www.majt-lille.org\/V2\/?post_type=tribe_events&#038;p=5553"},"modified":"2025-07-30T12:55:12","modified_gmt":"2025-07-30T10:55:12","slug":"sortie-calais","status":"publish","type":"tribe_events","link":"https:\/\/www.majt-lille.org\/V2\/event\/sortie-calais\/","title":{"rendered":"Sortie CALAIS"},"content":{"rendered":"<p>Pr\u00e9vois ton pique-nique et ta serviette de plage (et ton maillot de bain si le soleil est de la partie&#8230;). D\u00e9part \u00e0 10H \u00e0 l&rsquo;atrihome et 10H15 \u00e0 Thumesnil pour notre journ\u00e9e plage estivale ! Places limit\u00e9es \u00e0 8 inscriptions. Fais vite !<\/p>\n<p>Sortie ouverte \u00e0 tous les r\u00e9sidents.<\/p>\n","protected":false},"excerpt":{"rendered":"<p>Pr\u00e9vois ton pique-nique et ta serviette de plage (et ton maillot de bain si le soleil est de la partie&#8230;). D\u00e9part \u00e0 10H \u00e0 l&rsquo;atrihome et 10H15 \u00e0 Thumesnil pour [&hellip;]<\/p>\n","protected":false},"author":13,"featured_media":0,"template":"","meta":{"_price":"","_stock":"","_tribe_ticket_header":"","_tribe_default_ticket_provider":"","_tribe_ticket_capacity":"0","_ticket_start_date":"","_ticket_end_date":"","_tribe_ticket_show_description":"","_tribe_ticket_show_not_going":false,"_tribe_ticket_use_global_stock":"","_tribe_ticket_global_stock_level":"","_global_stock_mode":"","_global_stock_cap":"","_tribe_rsvp_for_event":"","_tribe_ticket_going_count":"","_tribe_ticket_not_going_count":"","_tribe_tickets_list":"[]","_tribe_ticket_has_attendee_info_fields":false,"_tribe_events_status":"","_tribe_events_status_reason":"","footnotes":"","_tec_slr_enabled":"","_tec_slr_layout":""},"tags":[],"tribe_events_cat":[],"class_list":["post-5553","tribe_events","type-tribe_events","status-publish","hentry"],"jetpack_sharing_enabled":true,"ticketed":["rsvp"],"_links":{"self":[{"href":"https:\/\/www.majt-lille.org\/V2\/wp-json\/wp\/v2\/tribe_events\/5553","targetHints":{"allow":["GET"]}}],"collection":[{"href":"https:\/\/www.majt-lille.org\/V2\/wp-json\/wp\/v2\/tribe_events"}],"about":[{"href":"https:\/\/www.majt-lille.org\/V2\/wp-json\/wp\/v2\/types\/tribe_events"}],"author":[{"embeddable":true,"href":"https:\/\/www.majt-lille.org\/V2\/wp-json\/wp\/v2\/users\/13"}],"version-history":[{"count":2,"href":"https:\/\/www.majt-lille.org\/V2\/wp-json\/wp\/v2\/tribe_events\/5553\/revisions"}],"predecessor-version":[{"id":5556,"href":"https:\/\/www.majt-lille.org\/V2\/wp-json\/wp\/v2\/tribe_events\/5553\/revisions\/5556"}],"wp:attachment":[{"href":"https:\/\/www.majt-lille.org\/V2\/wp-json\/wp\/v2\/media?parent=5553"}],"wp:term":[{"taxonomy":"post_tag","embeddable":true,"href":"https:\/\/www.majt-lille.org\/V2\/wp-json\/wp\/v2\/tags?post=5553"},{"taxonomy":"tribe_events_cat","embeddable":true,"href":"https:\/\/www.majt-lille.org\/V2\/wp-json\/wp\/v2\/tribe_events_cat?post=5553"}],"curies":[{"name":"wp","href":"https:\/\/api.w.org\/{rel}","templated":true}]}}

<p>Prévois ton pique-nique et ta serviette de plage (et ton maillot de bain si le soleil est de la partie&#8230;). Départ à 10H à l&rsquo;atrihome et 10H15 à Thumesnil pour notre journée plage estivale ! Places limitées à 8 inscriptions. Fais vite !</p>
<p>Sortie ouverte à tous les résidents.</p>

<p>Prévois ton pique-nique et ta serviette de plage (et ton maillot de bain si le soleil est de la partie&#8230;). Départ à 10H à l&rsquo;atrihome et 10H15 à Thumesnil pour [&hellip;]</p>
