{"id":5563,"date":"2025-07-30T13:03:46","date_gmt":"2025-07-30T11:03:46","guid":{"rendered":"https:\/\/www.majt-lille.org\/V2\/?post_type=tribe_events&#038;p=5563"},"modified":"2025-08-13T13:11:16","modified_gmt":"2025-08-13T11:11:16","slug":"barbecue-de-fin-dete-thumesnil","status":"publish","type":"tribe_events","link":"https:\/\/www.majt-lille.org\/V2\/event\/barbecue-de-fin-dete-thumesnil\/","title":{"rendered":"Barbecue de fin d&rsquo;\u00e9t\u00e9 &#8211; Thumesnil"},"content":{"rendered":"<p>Grand barbecue de fin d&rsquo;\u00e9t\u00e9, dans le jardin de Thumesnil !<\/p>\n<p>Nous te recommandons de confirmer ta pr\u00e9sence aupr\u00e8s des animateurs pour participer \u00e0 l&rsquo;\u00e9v\u00e8nement afin que tout le monde puisse profiter de son repas (pas d&rsquo;inscription en ligne)<\/p>\n","protected":false},"excerpt":{"rendered":"<p>Grand barbecue de fin d&rsquo;\u00e9t\u00e9, dans le jardin de Thumesnil ! Nous te recommandons de confirmer ta pr\u00e9sence aupr\u00e8s des animateurs pour participer \u00e0 l&rsquo;\u00e9v\u00e8nement afin que tout le monde [&hellip;]<\/p>\n","protected":false},"author":13,"featured_media":2893,"template":"","meta":{"_price":"","_stock":"","_tribe_ticket_header":"","_tribe_default_ticket_provider":"","_tribe_ticket_capacity":"0","_ticket_start_date":"","_ticket_end_date":"","_tribe_ticket_show_description":"","_tribe_ticket_show_not_going":false,"_tribe_ticket_use_global_stock":"","_tribe_ticket_global_stock_level":"","_global_stock_mode":"","_global_stock_cap":"","_tribe_rsvp_for_event":"","_tribe_ticket_going_count":"","_tribe_ticket_not_going_count":"","_tribe_tickets_list":"[]","_tribe_ticket_has_attendee_info_fields":false,"_tribe_events_status":"","_tribe_events_status_reason":"","footnotes":"","_tec_slr_enabled":"","_tec_slr_layout":""},"tags":[],"tribe_events_cat":[20],"class_list":["post-5563","tribe_events","type-tribe_events","status-publish","has-post-thumbnail","hentry","tribe_events_cat-convivialite","cat_convivialite"],"jetpack_sharing_enabled":true,"ticketed":false,"_links":{"self":[{"href":"https:\/\/www.majt-lille.org\/V2\/wp-json\/wp\/v2\/tribe_events\/5563","targetHints":{"allow":["GET"]}}],"collection":[{"href":"https:\/\/www.majt-lille.org\/V2\/wp-json\/wp\/v2\/tribe_events"}],"about":[{"href":"https:\/\/www.majt-lille.org\/V2\/wp-json\/wp\/v2\/types\/tribe_events"}],"author":[{"embeddable":true,"href":"https:\/\/www.majt-lille.org\/V2\/wp-json\/wp\/v2\/users\/13"}],"version-history":[{"count":2,"href":"https:\/\/www.majt-lille.org\/V2\/wp-json\/wp\/v2\/tribe_events\/5563\/revisions"}],"predecessor-version":[{"id":5610,"href":"https:\/\/www.majt-lille.org\/V2\/wp-json\/wp\/v2\/tribe_events\/5563\/revisions\/5610"}],"wp:featuredmedia":[{"embeddable":true,"href":"https:\/\/www.majt-lille.org\/V2\/wp-json\/wp\/v2\/media\/2893"}],"wp:attachment":[{"href":"https:\/\/www.majt-lille.org\/V2\/wp-json\/wp\/v2\/media?parent=5563"}],"wp:term":[{"taxonomy":"post_tag","embeddable":true,"href":"https:\/\/www.majt-lille.org\/V2\/wp-json\/wp\/v2\/tags?post=5563"},{"taxonomy":"tribe_events_cat","embeddable":true,"href":"https:\/\/www.majt-lille.org\/V2\/wp-json\/wp\/v2\/tribe_events_cat?post=5563"}],"curies":[{"name":"wp","href":"https:\/\/api.w.org\/{rel}","templated":true}]}}

Barbecue de fin d&rsquo;été &#8211; Thumesnil

<p>Grand barbecue de fin d&rsquo;été, dans le jardin de Thumesnil !</p>
<p>Nous te recommandons de confirmer ta présence auprès des animateurs pour participer à l&rsquo;évènement afin que tout le monde puisse profiter de son repas (pas d&rsquo;inscription en ligne)</p>

<p>Grand barbecue de fin d&rsquo;été, dans le jardin de Thumesnil ! Nous te recommandons de confirmer ta présence auprès des animateurs pour participer à l&rsquo;évènement afin que tout le monde [&hellip;]</p>
