{"id":5604,"date":"2025-08-06T12:02:19","date_gmt":"2025-08-06T10:02:19","guid":{"rendered":"https:\/\/www.majt-lille.org\/V2\/?post_type=tribe_events&#038;p=5604"},"modified":"2025-08-06T12:02:19","modified_gmt":"2025-08-06T10:02:19","slug":"journee-inter-residences","status":"publish","type":"tribe_events","link":"https:\/\/www.majt-lille.org\/V2\/event\/journee-inter-residences\/","title":{"rendered":"Journ\u00e9e Inter-R\u00e9sidences"},"content":{"rendered":"<p>Rallye Photo g\u00e9ant dans Lille, en partenariat avec la r\u00e9sidence B\u00e9thanie.<\/p>\n<p>Plus d&rsquo;informations \u00e0 venir.<\/p>\n","protected":false},"excerpt":{"rendered":"<p>Rallye Photo g\u00e9ant dans Lille, en partenariat avec la r\u00e9sidence B\u00e9thanie. Plus d&rsquo;informations \u00e0 venir.<\/p>\n","protected":false},"author":13,"featured_media":0,"template":"","meta":{"_price":"","_stock":"","_tribe_ticket_header":"","_tribe_default_ticket_provider":"","_tribe_ticket_capacity":"0","_ticket_start_date":"","_ticket_end_date":"","_tribe_ticket_show_description":"","_tribe_ticket_show_not_going":false,"_tribe_ticket_use_global_stock":"","_tribe_ticket_global_stock_level":"","_global_stock_mode":"","_global_stock_cap":"","_tribe_rsvp_for_event":"","_tribe_ticket_going_count":"","_tribe_ticket_not_going_count":"","_tribe_tickets_list":"[]","_tribe_ticket_has_attendee_info_fields":false,"_tribe_events_status":"","_tribe_events_status_reason":"","footnotes":"","_tec_slr_enabled":"","_tec_slr_layout":""},"tags":[],"tribe_events_cat":[20],"class_list":["post-5604","tribe_events","type-tribe_events","status-publish","hentry","tribe_events_cat-convivialite","cat_convivialite"],"jetpack_sharing_enabled":true,"ticketed":false,"_links":{"self":[{"href":"https:\/\/www.majt-lille.org\/V2\/wp-json\/wp\/v2\/tribe_events\/5604","targetHints":{"allow":["GET"]}}],"collection":[{"href":"https:\/\/www.majt-lille.org\/V2\/wp-json\/wp\/v2\/tribe_events"}],"about":[{"href":"https:\/\/www.majt-lille.org\/V2\/wp-json\/wp\/v2\/types\/tribe_events"}],"author":[{"embeddable":true,"href":"https:\/\/www.majt-lille.org\/V2\/wp-json\/wp\/v2\/users\/13"}],"version-history":[{"count":1,"href":"https:\/\/www.majt-lille.org\/V2\/wp-json\/wp\/v2\/tribe_events\/5604\/revisions"}],"predecessor-version":[{"id":5605,"href":"https:\/\/www.majt-lille.org\/V2\/wp-json\/wp\/v2\/tribe_events\/5604\/revisions\/5605"}],"wp:attachment":[{"href":"https:\/\/www.majt-lille.org\/V2\/wp-json\/wp\/v2\/media?parent=5604"}],"wp:term":[{"taxonomy":"post_tag","embeddable":true,"href":"https:\/\/www.majt-lille.org\/V2\/wp-json\/wp\/v2\/tags?post=5604"},{"taxonomy":"tribe_events_cat","embeddable":true,"href":"https:\/\/www.majt-lille.org\/V2\/wp-json\/wp\/v2\/tribe_events_cat?post=5604"}],"curies":[{"name":"wp","href":"https:\/\/api.w.org\/{rel}","templated":true}]}}

Journée Inter-Résidences

<p>Rallye Photo géant dans Lille, en partenariat avec la résidence Béthanie.</p>
<p>Plus d&rsquo;informations à venir.</p>

<p>Rallye Photo géant dans Lille, en partenariat avec la résidence Béthanie. Plus d&rsquo;informations à venir.</p>
