{"id":5770,"date":"2025-10-07T14:39:40","date_gmt":"2025-10-07T12:39:40","guid":{"rendered":"https:\/\/www.majt-lille.org\/V2\/?post_type=tribe_events&#038;p=5770"},"modified":"2025-10-07T14:39:40","modified_gmt":"2025-10-07T12:39:40","slug":"lundi-rando-2","status":"publish","type":"tribe_events","link":"https:\/\/www.majt-lille.org\/V2\/event\/lundi-rando-2\/","title":{"rendered":"Lundi Rando&rsquo;"},"content":{"rendered":"<p>Aujourd&rsquo;hui, Manon vous propose une randonn\u00e9e aux Terrils Jumeaux de Loos-en-Gohelle.<\/p>\n<p>Marche de 4KM environ. Pr\u00e9voir lampes frontales, v\u00eatements de pluie, chaussures de marche imperm\u00e9ables, sac \u00e0 dos avec n\u00e9cessaire.<\/p>\n","protected":false},"excerpt":{"rendered":"<p>Aujourd&rsquo;hui, Manon vous propose une randonn\u00e9e aux Terrils Jumeaux de Loos-en-Gohelle. Marche de 4KM environ. Pr\u00e9voir lampes frontales, v\u00eatements de pluie, chaussures de marche imperm\u00e9ables, sac \u00e0 dos avec n\u00e9cessaire.<\/p>\n","protected":false},"author":13,"featured_media":2950,"template":"","meta":{"_price":"","_stock":"","_tribe_ticket_header":"","_tribe_default_ticket_provider":"","_tribe_ticket_capacity":"0","_ticket_start_date":"","_ticket_end_date":"","_tribe_ticket_show_description":"","_tribe_ticket_show_not_going":false,"_tribe_ticket_use_global_stock":"","_tribe_ticket_global_stock_level":"","_global_stock_mode":"","_global_stock_cap":"","_tribe_rsvp_for_event":"","_tribe_ticket_going_count":"","_tribe_ticket_not_going_count":"","_tribe_tickets_list":"[]","_tribe_ticket_has_attendee_info_fields":false,"_tribe_events_status":"","_tribe_events_status_reason":"","footnotes":"","_tec_slr_enabled":"","_tec_slr_layout":""},"tags":[],"tribe_events_cat":[44],"class_list":["post-5770","tribe_events","type-tribe_events","status-publish","has-post-thumbnail","hentry","tribe_events_cat-randonnee","cat_randonnee"],"jetpack_sharing_enabled":true,"ticketed":false,"_links":{"self":[{"href":"https:\/\/www.majt-lille.org\/V2\/wp-json\/wp\/v2\/tribe_events\/5770","targetHints":{"allow":["GET"]}}],"collection":[{"href":"https:\/\/www.majt-lille.org\/V2\/wp-json\/wp\/v2\/tribe_events"}],"about":[{"href":"https:\/\/www.majt-lille.org\/V2\/wp-json\/wp\/v2\/types\/tribe_events"}],"author":[{"embeddable":true,"href":"https:\/\/www.majt-lille.org\/V2\/wp-json\/wp\/v2\/users\/13"}],"version-history":[{"count":1,"href":"https:\/\/www.majt-lille.org\/V2\/wp-json\/wp\/v2\/tribe_events\/5770\/revisions"}],"predecessor-version":[{"id":5771,"href":"https:\/\/www.majt-lille.org\/V2\/wp-json\/wp\/v2\/tribe_events\/5770\/revisions\/5771"}],"wp:featuredmedia":[{"embeddable":true,"href":"https:\/\/www.majt-lille.org\/V2\/wp-json\/wp\/v2\/media\/2950"}],"wp:attachment":[{"href":"https:\/\/www.majt-lille.org\/V2\/wp-json\/wp\/v2\/media?parent=5770"}],"wp:term":[{"taxonomy":"post_tag","embeddable":true,"href":"https:\/\/www.majt-lille.org\/V2\/wp-json\/wp\/v2\/tags?post=5770"},{"taxonomy":"tribe_events_cat","embeddable":true,"href":"https:\/\/www.majt-lille.org\/V2\/wp-json\/wp\/v2\/tribe_events_cat?post=5770"}],"curies":[{"name":"wp","href":"https:\/\/api.w.org\/{rel}","templated":true}]}}

<p>Aujourd&rsquo;hui, Manon vous propose une randonnée aux Terrils Jumeaux de Loos-en-Gohelle.</p>
<p>Marche de 4KM environ. Prévoir lampes frontales, vêtements de pluie, chaussures de marche imperméables, sac à dos avec nécessaire.</p>

<p>Aujourd&rsquo;hui, Manon vous propose une randonnée aux Terrils Jumeaux de Loos-en-Gohelle. Marche de 4KM environ. Prévoir lampes frontales, vêtements de pluie, chaussures de marche imperméables, sac à dos avec nécessaire.</p>
