{"id":5823,"date":"2025-10-09T16:42:33","date_gmt":"2025-10-09T14:42:33","guid":{"rendered":"https:\/\/www.majt-lille.org\/V2\/?post_type=tribe_events&#038;p=5823"},"modified":"2025-10-09T16:42:33","modified_gmt":"2025-10-09T14:42:33","slug":"apero-accueil-des-residents-cvs","status":"publish","type":"tribe_events","link":"https:\/\/www.majt-lille.org\/V2\/event\/apero-accueil-des-residents-cvs\/","title":{"rendered":"Ap\u00e9ro Accueil des r\u00e9sidents + CVS"},"content":{"rendered":"<p>Nous souhaitons la bienvenue aux nouveaux r\u00e9sidents du FJT Thumesnil ! A cette occasion, un ap\u00e9ritif dinatoire t&rsquo;attend \u00e0 la caf\u00e9t\u00e9ria. C&rsquo;est l&rsquo;occasion de d\u00e9couvrir un peu plus la r\u00e9sidence, le fonctionnement, les animations pr\u00e9vues et les autres r\u00e9sidents.<\/p>\n<p>&nbsp;<\/p>\n<p>RDV A 18H30 dans la caf\u00e9t\u00e9ria.<\/p>\n","protected":false},"excerpt":{"rendered":"<p>Nous souhaitons la bienvenue aux nouveaux r\u00e9sidents du FJT Thumesnil ! A cette occasion, un ap\u00e9ritif dinatoire t&rsquo;attend \u00e0 la caf\u00e9t\u00e9ria. C&rsquo;est l&rsquo;occasion de d\u00e9couvrir un peu plus la r\u00e9sidence, [&hellip;]<\/p>\n","protected":false},"author":13,"featured_media":2895,"template":"","meta":{"_price":"","_stock":"","_tribe_ticket_header":"","_tribe_default_ticket_provider":"","_tribe_ticket_capacity":"0","_ticket_start_date":"","_ticket_end_date":"","_tribe_ticket_show_description":"","_tribe_ticket_show_not_going":false,"_tribe_ticket_use_global_stock":"","_tribe_ticket_global_stock_level":"","_global_stock_mode":"","_global_stock_cap":"","_tribe_rsvp_for_event":"","_tribe_ticket_going_count":"","_tribe_ticket_not_going_count":"","_tribe_tickets_list":"[]","_tribe_ticket_has_attendee_info_fields":false,"_tribe_events_status":"","_tribe_events_status_reason":"","footnotes":"","_tec_slr_enabled":"","_tec_slr_layout":""},"tags":[],"tribe_events_cat":[24],"class_list":["post-5823","tribe_events","type-tribe_events","status-publish","has-post-thumbnail","hentry","tribe_events_cat-pot-daccueil","cat_pot-daccueil"],"jetpack_sharing_enabled":true,"ticketed":false,"_links":{"self":[{"href":"https:\/\/www.majt-lille.org\/V2\/wp-json\/wp\/v2\/tribe_events\/5823","targetHints":{"allow":["GET"]}}],"collection":[{"href":"https:\/\/www.majt-lille.org\/V2\/wp-json\/wp\/v2\/tribe_events"}],"about":[{"href":"https:\/\/www.majt-lille.org\/V2\/wp-json\/wp\/v2\/types\/tribe_events"}],"author":[{"embeddable":true,"href":"https:\/\/www.majt-lille.org\/V2\/wp-json\/wp\/v2\/users\/13"}],"version-history":[{"count":1,"href":"https:\/\/www.majt-lille.org\/V2\/wp-json\/wp\/v2\/tribe_events\/5823\/revisions"}],"predecessor-version":[{"id":5829,"href":"https:\/\/www.majt-lille.org\/V2\/wp-json\/wp\/v2\/tribe_events\/5823\/revisions\/5829"}],"wp:featuredmedia":[{"embeddable":true,"href":"https:\/\/www.majt-lille.org\/V2\/wp-json\/wp\/v2\/media\/2895"}],"wp:attachment":[{"href":"https:\/\/www.majt-lille.org\/V2\/wp-json\/wp\/v2\/media?parent=5823"}],"wp:term":[{"taxonomy":"post_tag","embeddable":true,"href":"https:\/\/www.majt-lille.org\/V2\/wp-json\/wp\/v2\/tags?post=5823"},{"taxonomy":"tribe_events_cat","embeddable":true,"href":"https:\/\/www.majt-lille.org\/V2\/wp-json\/wp\/v2\/tribe_events_cat?post=5823"}],"curies":[{"name":"wp","href":"https:\/\/api.w.org\/{rel}","templated":true}]}}

Apéro Accueil des résidents + CVS

<p>Nous souhaitons la bienvenue aux nouveaux résidents du FJT Thumesnil ! A cette occasion, un apéritif dinatoire t&rsquo;attend à la cafétéria. C&rsquo;est l&rsquo;occasion de découvrir un peu plus la résidence, le fonctionnement, les animations prévues et les autres résidents.</p>
<p>&nbsp;</p>
<p>RDV A 18H30 dans la cafétéria.</p>

<p>Nous souhaitons la bienvenue aux nouveaux résidents du FJT Thumesnil ! A cette occasion, un apéritif dinatoire t&rsquo;attend à la cafétéria. C&rsquo;est l&rsquo;occasion de découvrir un peu plus la résidence, [&hellip;]</p>
