{"id":5941,"date":"2025-11-04T12:46:01","date_gmt":"2025-11-04T11:46:01","guid":{"rendered":"https:\/\/www.majt-lille.org\/V2\/?post_type=tribe_events&#038;p=5941"},"modified":"2025-11-04T12:46:01","modified_gmt":"2025-11-04T11:46:01","slug":"soiree-impro-musicale","status":"publish","type":"tribe_events","link":"https:\/\/www.majt-lille.org\/V2\/event\/soiree-impro-musicale\/","title":{"rendered":"Soir\u00e9e impro musicale !"},"content":{"rendered":"<p>Avis \u00e0 tous les amateurs de musique, musiciens, confirm\u00e9s ou non.<\/p>\n<p>Rendez-vous dans l&rsquo;open space de l&rsquo;atrihome.<\/p>\n","protected":false},"excerpt":{"rendered":"<p>Avis \u00e0 tous les amateurs de musique, musiciens, confirm\u00e9s ou non. Rendez-vous dans l&rsquo;open space de l&rsquo;atrihome.<\/p>\n","protected":false},"author":13,"featured_media":0,"template":"","meta":{"_price":"","_stock":"","_tribe_ticket_header":"","_tribe_default_ticket_provider":"","_tribe_ticket_capacity":"0","_ticket_start_date":"","_ticket_end_date":"","_tribe_ticket_show_description":"","_tribe_ticket_show_not_going":false,"_tribe_ticket_use_global_stock":"","_tribe_ticket_global_stock_level":"","_global_stock_mode":"","_global_stock_cap":"","_tribe_rsvp_for_event":"","_tribe_ticket_going_count":"","_tribe_ticket_not_going_count":"","_tribe_tickets_list":"[]","_tribe_ticket_has_attendee_info_fields":false,"_tribe_events_status":"","_tribe_events_status_reason":"","footnotes":"","_tec_slr_enabled":"","_tec_slr_layout":""},"tags":[],"tribe_events_cat":[38],"class_list":["post-5941","tribe_events","type-tribe_events","status-publish","hentry","tribe_events_cat-expression","cat_expression"],"jetpack_sharing_enabled":true,"ticketed":false,"_links":{"self":[{"href":"https:\/\/www.majt-lille.org\/V2\/wp-json\/wp\/v2\/tribe_events\/5941","targetHints":{"allow":["GET"]}}],"collection":[{"href":"https:\/\/www.majt-lille.org\/V2\/wp-json\/wp\/v2\/tribe_events"}],"about":[{"href":"https:\/\/www.majt-lille.org\/V2\/wp-json\/wp\/v2\/types\/tribe_events"}],"author":[{"embeddable":true,"href":"https:\/\/www.majt-lille.org\/V2\/wp-json\/wp\/v2\/users\/13"}],"version-history":[{"count":1,"href":"https:\/\/www.majt-lille.org\/V2\/wp-json\/wp\/v2\/tribe_events\/5941\/revisions"}],"predecessor-version":[{"id":5942,"href":"https:\/\/www.majt-lille.org\/V2\/wp-json\/wp\/v2\/tribe_events\/5941\/revisions\/5942"}],"wp:attachment":[{"href":"https:\/\/www.majt-lille.org\/V2\/wp-json\/wp\/v2\/media?parent=5941"}],"wp:term":[{"taxonomy":"post_tag","embeddable":true,"href":"https:\/\/www.majt-lille.org\/V2\/wp-json\/wp\/v2\/tags?post=5941"},{"taxonomy":"tribe_events_cat","embeddable":true,"href":"https:\/\/www.majt-lille.org\/V2\/wp-json\/wp\/v2\/tribe_events_cat?post=5941"}],"curies":[{"name":"wp","href":"https:\/\/api.w.org\/{rel}","templated":true}]}}

Soirée impro musicale !

<p>Avis à tous les amateurs de musique, musiciens, confirmés ou non.</p>
<p>Rendez-vous dans l&rsquo;open space de l&rsquo;atrihome.</p>

<p>Avis à tous les amateurs de musique, musiciens, confirmés ou non. Rendez-vous dans l&rsquo;open space de l&rsquo;atrihome.</p>
