{"id":5976,"date":"2025-12-02T12:40:54","date_gmt":"2025-12-02T11:40:54","guid":{"rendered":"https:\/\/www.majt-lille.org\/V2\/?post_type=tribe_events&#038;p=5976"},"modified":"2025-12-03T14:26:15","modified_gmt":"2025-12-03T13:26:15","slug":"repas-de-fin-dannee-2","status":"publish","type":"tribe_events","link":"https:\/\/www.majt-lille.org\/V2\/event\/repas-de-fin-dannee-2\/","title":{"rendered":"Repas de fin d&rsquo;ann\u00e9e"},"content":{"rendered":"<p>A<strong> Thumesnil<\/strong>, limit\u00e9 \u00e0 40 personnes, inscription <strong>en ligne<\/strong>.<\/p>\n<p>Attention, tu ne peux t&rsquo;inscrire <strong>qu&rsquo;\u00e0 un seul repas : <\/strong>soit le 19\/12 (Thumesnil), soit le 20\/12 (Atrihome).<\/p>\n<p>&nbsp;<\/p>\n<p>Repas HALLAL.<\/p>\n","protected":false},"excerpt":{"rendered":"<p>A Thumesnil, limit\u00e9 \u00e0 40 personnes, inscription en ligne. Attention, tu ne peux t&rsquo;inscrire qu&rsquo;\u00e0 un seul repas : soit le 19\/12 (Thumesnil), soit le 20\/12 (Atrihome). &nbsp; Repas HALLAL.<\/p>\n","protected":false},"author":13,"featured_media":5995,"template":"","meta":{"_price":"","_stock":"","_tribe_ticket_header":"","_tribe_default_ticket_provider":"","_tribe_ticket_capacity":"0","_ticket_start_date":"","_ticket_end_date":"","_tribe_ticket_show_description":"","_tribe_ticket_show_not_going":false,"_tribe_ticket_use_global_stock":"","_tribe_ticket_global_stock_level":"","_global_stock_mode":"","_global_stock_cap":"","_tribe_rsvp_for_event":"","_tribe_ticket_going_count":"","_tribe_ticket_not_going_count":"","_tribe_tickets_list":"[]","_tribe_ticket_has_attendee_info_fields":false,"_tribe_events_status":"","_tribe_events_status_reason":"","footnotes":"","_tec_slr_enabled":"","_tec_slr_layout":""},"tags":[],"tribe_events_cat":[20],"class_list":["post-5976","tribe_events","type-tribe_events","status-publish","has-post-thumbnail","hentry","tribe_events_cat-convivialite","cat_convivialite"],"jetpack_sharing_enabled":true,"ticketed":["rsvp"],"_links":{"self":[{"href":"https:\/\/www.majt-lille.org\/V2\/wp-json\/wp\/v2\/tribe_events\/5976","targetHints":{"allow":["GET"]}}],"collection":[{"href":"https:\/\/www.majt-lille.org\/V2\/wp-json\/wp\/v2\/tribe_events"}],"about":[{"href":"https:\/\/www.majt-lille.org\/V2\/wp-json\/wp\/v2\/types\/tribe_events"}],"author":[{"embeddable":true,"href":"https:\/\/www.majt-lille.org\/V2\/wp-json\/wp\/v2\/users\/13"}],"version-history":[{"count":2,"href":"https:\/\/www.majt-lille.org\/V2\/wp-json\/wp\/v2\/tribe_events\/5976\/revisions"}],"predecessor-version":[{"id":5999,"href":"https:\/\/www.majt-lille.org\/V2\/wp-json\/wp\/v2\/tribe_events\/5976\/revisions\/5999"}],"wp:featuredmedia":[{"embeddable":true,"href":"https:\/\/www.majt-lille.org\/V2\/wp-json\/wp\/v2\/media\/5995"}],"wp:attachment":[{"href":"https:\/\/www.majt-lille.org\/V2\/wp-json\/wp\/v2\/media?parent=5976"}],"wp:term":[{"taxonomy":"post_tag","embeddable":true,"href":"https:\/\/www.majt-lille.org\/V2\/wp-json\/wp\/v2\/tags?post=5976"},{"taxonomy":"tribe_events_cat","embeddable":true,"href":"https:\/\/www.majt-lille.org\/V2\/wp-json\/wp\/v2\/tribe_events_cat?post=5976"}],"curies":[{"name":"wp","href":"https:\/\/api.w.org\/{rel}","templated":true}]}}

Repas de fin d&rsquo;année

<p>A<strong> Thumesnil</strong>, limité à 40 personnes, inscription <strong>en ligne</strong>.</p>
<p>Attention, tu ne peux t&rsquo;inscrire <strong>qu&rsquo;à un seul repas : </strong>soit le 19/12 (Thumesnil), soit le 20/12 (Atrihome).</p>
<p>&nbsp;</p>
<p>Repas HALLAL.</p>

<p>A Thumesnil, limité à 40 personnes, inscription en ligne. Attention, tu ne peux t&rsquo;inscrire qu&rsquo;à un seul repas : soit le 19/12 (Thumesnil), soit le 20/12 (Atrihome). &nbsp; Repas HALLAL.</p>
