{"id":6046,"date":"2025-12-04T11:15:19","date_gmt":"2025-12-04T10:15:19","guid":{"rendered":"https:\/\/www.majt-lille.org\/V2\/?post_type=tribe_events&#038;p=6046"},"modified":"2025-12-04T11:15:19","modified_gmt":"2025-12-04T10:15:19","slug":"apero-debat-partage-ta-culture","status":"publish","type":"tribe_events","link":"https:\/\/www.majt-lille.org\/V2\/event\/apero-debat-partage-ta-culture\/","title":{"rendered":"Ap\u00e9ro-d\u00e9bat : partage ta culture !"},"content":{"rendered":"<p>Rejoins-nous pour cet ap\u00e9ro \u00ab\u00a0partage ta culture\u00a0\u00bb, parles-nous de toi, de tes valeurs, de ta culture&#8230;<\/p>\n","protected":false},"excerpt":{"rendered":"<p>Rejoins-nous pour cet ap\u00e9ro \u00ab\u00a0partage ta culture\u00a0\u00bb, parles-nous de toi, de tes valeurs, de ta culture&#8230;<\/p>\n","protected":false},"author":13,"featured_media":0,"template":"","meta":{"_price":"","_stock":"","_tribe_ticket_header":"","_tribe_default_ticket_provider":"","_tribe_ticket_capacity":"0","_ticket_start_date":"","_ticket_end_date":"","_tribe_ticket_show_description":"","_tribe_ticket_show_not_going":false,"_tribe_ticket_use_global_stock":"","_tribe_ticket_global_stock_level":"","_global_stock_mode":"","_global_stock_cap":"","_tribe_rsvp_for_event":"","_tribe_ticket_going_count":"","_tribe_ticket_not_going_count":"","_tribe_tickets_list":"[]","_tribe_ticket_has_attendee_info_fields":false,"_tribe_events_status":"","_tribe_events_status_reason":"","footnotes":"","_tec_slr_enabled":"","_tec_slr_layout":""},"tags":[],"tribe_events_cat":[20],"class_list":["post-6046","tribe_events","type-tribe_events","status-publish","hentry","tribe_events_cat-convivialite","cat_convivialite"],"jetpack_sharing_enabled":true,"ticketed":false,"_links":{"self":[{"href":"https:\/\/www.majt-lille.org\/V2\/wp-json\/wp\/v2\/tribe_events\/6046","targetHints":{"allow":["GET"]}}],"collection":[{"href":"https:\/\/www.majt-lille.org\/V2\/wp-json\/wp\/v2\/tribe_events"}],"about":[{"href":"https:\/\/www.majt-lille.org\/V2\/wp-json\/wp\/v2\/types\/tribe_events"}],"author":[{"embeddable":true,"href":"https:\/\/www.majt-lille.org\/V2\/wp-json\/wp\/v2\/users\/13"}],"version-history":[{"count":1,"href":"https:\/\/www.majt-lille.org\/V2\/wp-json\/wp\/v2\/tribe_events\/6046\/revisions"}],"predecessor-version":[{"id":6047,"href":"https:\/\/www.majt-lille.org\/V2\/wp-json\/wp\/v2\/tribe_events\/6046\/revisions\/6047"}],"wp:attachment":[{"href":"https:\/\/www.majt-lille.org\/V2\/wp-json\/wp\/v2\/media?parent=6046"}],"wp:term":[{"taxonomy":"post_tag","embeddable":true,"href":"https:\/\/www.majt-lille.org\/V2\/wp-json\/wp\/v2\/tags?post=6046"},{"taxonomy":"tribe_events_cat","embeddable":true,"href":"https:\/\/www.majt-lille.org\/V2\/wp-json\/wp\/v2\/tribe_events_cat?post=6046"}],"curies":[{"name":"wp","href":"https:\/\/api.w.org\/{rel}","templated":true}]}}

Apéro-débat : partage ta culture !

<p>Rejoins-nous pour cet apéro « partage ta culture », parles-nous de toi, de tes valeurs, de ta culture&#8230;</p>
