{"id":6055,"date":"2025-12-04T11:19:51","date_gmt":"2025-12-04T10:19:51","guid":{"rendered":"https:\/\/www.majt-lille.org\/V2\/?post_type=tribe_events&#038;p=6055"},"modified":"2025-12-04T11:19:51","modified_gmt":"2025-12-04T10:19:51","slug":"petit-dejeuner-de-fetes","status":"publish","type":"tribe_events","link":"https:\/\/www.majt-lille.org\/V2\/event\/petit-dejeuner-de-fetes\/","title":{"rendered":"Petit-D\u00e9jeuner de F\u00eates"},"content":{"rendered":"<p>Nous vous attendons nombreux d\u00e8s 8H30 pour ce petit-d\u00e9jeuner sp\u00e9cial f\u00eates !<\/p>\n<p>Dans vos deux r\u00e9sidences.<\/p>\n","protected":false},"excerpt":{"rendered":"<p>Nous vous attendons nombreux d\u00e8s 8H30 pour ce petit-d\u00e9jeuner sp\u00e9cial f\u00eates ! Dans vos deux r\u00e9sidences.<\/p>\n","protected":false},"author":13,"featured_media":6056,"template":"","meta":{"_price":"","_stock":"","_tribe_ticket_header":"","_tribe_default_ticket_provider":"","_tribe_ticket_capacity":"0","_ticket_start_date":"","_ticket_end_date":"","_tribe_ticket_show_description":"","_tribe_ticket_show_not_going":false,"_tribe_ticket_use_global_stock":"","_tribe_ticket_global_stock_level":"","_global_stock_mode":"","_global_stock_cap":"","_tribe_rsvp_for_event":"","_tribe_ticket_going_count":"","_tribe_ticket_not_going_count":"","_tribe_tickets_list":"[]","_tribe_ticket_has_attendee_info_fields":false,"_tribe_events_status":"","_tribe_events_status_reason":"","footnotes":"","_tec_slr_enabled":"","_tec_slr_layout":""},"tags":[],"tribe_events_cat":[41],"class_list":["post-6055","tribe_events","type-tribe_events","status-publish","has-post-thumbnail","hentry","tribe_events_cat-petit-dejeuner","cat_petit-dejeuner"],"jetpack_sharing_enabled":true,"ticketed":false,"_links":{"self":[{"href":"https:\/\/www.majt-lille.org\/V2\/wp-json\/wp\/v2\/tribe_events\/6055","targetHints":{"allow":["GET"]}}],"collection":[{"href":"https:\/\/www.majt-lille.org\/V2\/wp-json\/wp\/v2\/tribe_events"}],"about":[{"href":"https:\/\/www.majt-lille.org\/V2\/wp-json\/wp\/v2\/types\/tribe_events"}],"author":[{"embeddable":true,"href":"https:\/\/www.majt-lille.org\/V2\/wp-json\/wp\/v2\/users\/13"}],"version-history":[{"count":1,"href":"https:\/\/www.majt-lille.org\/V2\/wp-json\/wp\/v2\/tribe_events\/6055\/revisions"}],"predecessor-version":[{"id":6057,"href":"https:\/\/www.majt-lille.org\/V2\/wp-json\/wp\/v2\/tribe_events\/6055\/revisions\/6057"}],"wp:featuredmedia":[{"embeddable":true,"href":"https:\/\/www.majt-lille.org\/V2\/wp-json\/wp\/v2\/media\/6056"}],"wp:attachment":[{"href":"https:\/\/www.majt-lille.org\/V2\/wp-json\/wp\/v2\/media?parent=6055"}],"wp:term":[{"taxonomy":"post_tag","embeddable":true,"href":"https:\/\/www.majt-lille.org\/V2\/wp-json\/wp\/v2\/tags?post=6055"},{"taxonomy":"tribe_events_cat","embeddable":true,"href":"https:\/\/www.majt-lille.org\/V2\/wp-json\/wp\/v2\/tribe_events_cat?post=6055"}],"curies":[{"name":"wp","href":"https:\/\/api.w.org\/{rel}","templated":true}]}}

Petit-Déjeuner de Fêtes

<p>Nous vous attendons nombreux dès 8H30 pour ce petit-déjeuner spécial fêtes !</p>
<p>Dans vos deux résidences.</p>

<p>Nous vous attendons nombreux dès 8H30 pour ce petit-déjeuner spécial fêtes ! Dans vos deux résidences.</p>
