{"id":6058,"date":"2025-12-04T11:21:06","date_gmt":"2025-12-04T10:21:06","guid":{"rendered":"https:\/\/www.majt-lille.org\/V2\/?post_type=tribe_events&#038;p=6058"},"modified":"2025-12-04T11:21:06","modified_gmt":"2025-12-04T10:21:06","slug":"brunch-des-fetes","status":"publish","type":"tribe_events","link":"https:\/\/www.majt-lille.org\/V2\/event\/brunch-des-fetes\/","title":{"rendered":"Brunch des F\u00eates !"},"content":{"rendered":"<p>Nous vous attendons nombreux dans vos deux r\u00e9sidences pour cet accueil Brunch sp\u00e9cial F\u00eates de fin d&rsquo;ann\u00e9e !<\/p>\n","protected":false},"excerpt":{"rendered":"<p>Nous vous attendons nombreux dans vos deux r\u00e9sidences pour cet accueil Brunch sp\u00e9cial F\u00eates de fin d&rsquo;ann\u00e9e !<\/p>\n","protected":false},"author":13,"featured_media":6059,"template":"","meta":{"_price":"","_stock":"","_tribe_ticket_header":"","_tribe_default_ticket_provider":"","_tribe_ticket_capacity":"0","_ticket_start_date":"","_ticket_end_date":"","_tribe_ticket_show_description":"","_tribe_ticket_show_not_going":false,"_tribe_ticket_use_global_stock":"","_tribe_ticket_global_stock_level":"","_global_stock_mode":"","_global_stock_cap":"","_tribe_rsvp_for_event":"","_tribe_ticket_going_count":"","_tribe_ticket_not_going_count":"","_tribe_tickets_list":"[]","_tribe_ticket_has_attendee_info_fields":false,"_tribe_events_status":"","_tribe_events_status_reason":"","footnotes":"","_tec_slr_enabled":"","_tec_slr_layout":""},"tags":[],"tribe_events_cat":[20],"class_list":["post-6058","tribe_events","type-tribe_events","status-publish","has-post-thumbnail","hentry","tribe_events_cat-convivialite","cat_convivialite"],"jetpack_sharing_enabled":true,"ticketed":false,"_links":{"self":[{"href":"https:\/\/www.majt-lille.org\/V2\/wp-json\/wp\/v2\/tribe_events\/6058","targetHints":{"allow":["GET"]}}],"collection":[{"href":"https:\/\/www.majt-lille.org\/V2\/wp-json\/wp\/v2\/tribe_events"}],"about":[{"href":"https:\/\/www.majt-lille.org\/V2\/wp-json\/wp\/v2\/types\/tribe_events"}],"author":[{"embeddable":true,"href":"https:\/\/www.majt-lille.org\/V2\/wp-json\/wp\/v2\/users\/13"}],"version-history":[{"count":1,"href":"https:\/\/www.majt-lille.org\/V2\/wp-json\/wp\/v2\/tribe_events\/6058\/revisions"}],"predecessor-version":[{"id":6060,"href":"https:\/\/www.majt-lille.org\/V2\/wp-json\/wp\/v2\/tribe_events\/6058\/revisions\/6060"}],"wp:featuredmedia":[{"embeddable":true,"href":"https:\/\/www.majt-lille.org\/V2\/wp-json\/wp\/v2\/media\/6059"}],"wp:attachment":[{"href":"https:\/\/www.majt-lille.org\/V2\/wp-json\/wp\/v2\/media?parent=6058"}],"wp:term":[{"taxonomy":"post_tag","embeddable":true,"href":"https:\/\/www.majt-lille.org\/V2\/wp-json\/wp\/v2\/tags?post=6058"},{"taxonomy":"tribe_events_cat","embeddable":true,"href":"https:\/\/www.majt-lille.org\/V2\/wp-json\/wp\/v2\/tribe_events_cat?post=6058"}],"curies":[{"name":"wp","href":"https:\/\/api.w.org\/{rel}","templated":true}]}}

Brunch des Fêtes !

<p>Nous vous attendons nombreux dans vos deux résidences pour cet accueil Brunch spécial Fêtes de fin d&rsquo;année !</p>
