{"id":6522,"date":"2026-04-30T13:04:22","date_gmt":"2026-04-30T11:04:22","guid":{"rendered":"https:\/\/www.majt-lille.org\/V2\/?post_type=tribe_events&#038;p=6522"},"modified":"2026-04-30T13:04:22","modified_gmt":"2026-04-30T11:04:22","slug":"rencontre-bouteille-a-la-mer-avec-matias","status":"publish","type":"tribe_events","link":"https:\/\/www.majt-lille.org\/V2\/event\/rencontre-bouteille-a-la-mer-avec-matias\/","title":{"rendered":"Rencontre \u00ab\u00a0Bouteille \u00e0 la Mer\u00a0\u00bb avec MATIAS"},"content":{"rendered":"<p>Venez rencontrer Matias MARDI 5 MAI de 11h \u00e0 12h \u00e0 la Caf\u00e9t&rsquo; de Thumesnil : pour lui d\u00e9livrer un message lib\u00e9rateur qui fera l&rsquo;objet d&rsquo;un enregistrement sonore. R\u00e9fl\u00e9chissez d\u00e9j\u00e0 \u00e0 ce que vous souhaitez transmettre. &#x1f4e8;<\/p>\n","protected":false},"excerpt":{"rendered":"<p>Venez rencontrer Matias MARDI 5 MAI de 11h \u00e0 12h \u00e0 la Caf\u00e9t&rsquo; de Thumesnil : pour lui d\u00e9livrer un message lib\u00e9rateur qui fera l&rsquo;objet d&rsquo;un enregistrement sonore. R\u00e9fl\u00e9chissez d\u00e9j\u00e0 [&hellip;]<\/p>\n","protected":false},"author":13,"featured_media":6526,"template":"","meta":{"_price":"","_stock":"","_tribe_ticket_header":"","_tribe_default_ticket_provider":"","_tribe_ticket_capacity":"0","_ticket_start_date":"","_ticket_end_date":"","_tribe_ticket_show_description":"","_tribe_ticket_show_not_going":false,"_tribe_ticket_use_global_stock":"","_tribe_ticket_global_stock_level":"","_global_stock_mode":"","_global_stock_cap":"","_tribe_rsvp_for_event":"","_tribe_ticket_going_count":"","_tribe_ticket_not_going_count":"","_tribe_tickets_list":"[]","_tribe_ticket_has_attendee_info_fields":false,"_tribe_events_status":"","_tribe_events_status_reason":"","footnotes":"","_tec_slr_enabled":"","_tec_slr_layout":""},"tags":[],"tribe_events_cat":[21,38,17],"class_list":["post-6522","tribe_events","type-tribe_events","status-publish","has-post-thumbnail","hentry","tribe_events_cat-echange","tribe_events_cat-expression","tribe_events_cat-loisirs-et-culture","cat_echange","cat_expression","cat_loisirs-et-culture"],"jetpack_sharing_enabled":true,"ticketed":["rsvp"],"_links":{"self":[{"href":"https:\/\/www.majt-lille.org\/V2\/wp-json\/wp\/v2\/tribe_events\/6522","targetHints":{"allow":["GET"]}}],"collection":[{"href":"https:\/\/www.majt-lille.org\/V2\/wp-json\/wp\/v2\/tribe_events"}],"about":[{"href":"https:\/\/www.majt-lille.org\/V2\/wp-json\/wp\/v2\/types\/tribe_events"}],"author":[{"embeddable":true,"href":"https:\/\/www.majt-lille.org\/V2\/wp-json\/wp\/v2\/users\/13"}],"version-history":[{"count":1,"href":"https:\/\/www.majt-lille.org\/V2\/wp-json\/wp\/v2\/tribe_events\/6522\/revisions"}],"predecessor-version":[{"id":6527,"href":"https:\/\/www.majt-lille.org\/V2\/wp-json\/wp\/v2\/tribe_events\/6522\/revisions\/6527"}],"wp:featuredmedia":[{"embeddable":true,"href":"https:\/\/www.majt-lille.org\/V2\/wp-json\/wp\/v2\/media\/6526"}],"wp:attachment":[{"href":"https:\/\/www.majt-lille.org\/V2\/wp-json\/wp\/v2\/media?parent=6522"}],"wp:term":[{"taxonomy":"post_tag","embeddable":true,"href":"https:\/\/www.majt-lille.org\/V2\/wp-json\/wp\/v2\/tags?post=6522"},{"taxonomy":"tribe_events_cat","embeddable":true,"href":"https:\/\/www.majt-lille.org\/V2\/wp-json\/wp\/v2\/tribe_events_cat?post=6522"}],"curies":[{"name":"wp","href":"https:\/\/api.w.org\/{rel}","templated":true}]}}

Rencontre « Bouteille à la Mer » avec MATIAS

<p>Venez rencontrer Matias MARDI 5 MAI de 11h à 12h à la Cafét&rsquo; de Thumesnil : pour lui délivrer un message libérateur qui fera l&rsquo;objet d&rsquo;un enregistrement sonore. Réfléchissez déjà à ce que vous souhaitez transmettre. &#x1f4e8;</p>

<p>Venez rencontrer Matias MARDI 5 MAI de 11h à 12h à la Cafét&rsquo; de Thumesnil : pour lui délivrer un message libérateur qui fera l&rsquo;objet d&rsquo;un enregistrement sonore. Réfléchissez déjà [&hellip;]</p>
